{"id":1598,"date":"2018-07-19T19:14:23","date_gmt":"2018-07-19T22:14:23","guid":{"rendered":"https:\/\/www.sexshop.com.ar\/web\/?post_type=product&#038;p=1598"},"modified":"2025-02-03T17:38:49","modified_gmt":"2025-02-03T20:38:49","slug":"preservativo-prime-de-latex-warming-sensacion-calida-x-3-un","status":"publish","type":"product","link":"https:\/\/www.sexshop.com.ar\/web\/producto\/preservativo-prime-de-latex-warming-sensacion-calida-x-3-un\/","title":{"rendered":"Preservativo  PRIME De L\u00e1tex WARMING Sensaci\u00f3n C\u00e1lida X 3 un"},"content":{"rendered":"<p>Sensaci\u00f3n c\u00e1lida. Cada preservativo viene acompa\u00f1ado de un sachet de Gel Hot Pleasure de 1 gramo que no afecta el l\u00e1tex. El gel aplicado suavemente otorga una sensaci\u00f3n de mayor temperatura produciendo mayor estimulaci\u00f3n. Se siente sedoso y c\u00e1lido. Integra el grupo \u00abLos preferidos por ellas\u00bb<\/p>\n","protected":false},"excerpt":{"rendered":"<p>Sensaci\u00f3n c\u00e1lida. Cada preservativo viene acompa\u00f1ado de un sachet de Gel Hot Pleasure de 1 gramo que no afecta el l\u00e1tex.<\/p>\n","protected":false},"featured_media":1599,"template":"","meta":{"_et_pb_use_builder":"","_et_pb_old_content":"","_et_gb_content_width":"","_joinchat":[]},"product_brand":[],"product_cat":[43],"product_tag":[],"class_list":{"0":"post-1598","1":"product","2":"type-product","3":"status-publish","4":"has-post-thumbnail","6":"product_cat-preservativos","8":"first","9":"outofstock","10":"shipping-taxable","11":"purchasable","12":"product-type-simple"},"_links":{"self":[{"href":"https:\/\/www.sexshop.com.ar\/web\/wp-json\/wp\/v2\/product\/1598","targetHints":{"allow":["GET"]}}],"collection":[{"href":"https:\/\/www.sexshop.com.ar\/web\/wp-json\/wp\/v2\/product"}],"about":[{"href":"https:\/\/www.sexshop.com.ar\/web\/wp-json\/wp\/v2\/types\/product"}],"wp:featuredmedia":[{"embeddable":true,"href":"https:\/\/www.sexshop.com.ar\/web\/wp-json\/wp\/v2\/media\/1599"}],"wp:attachment":[{"href":"https:\/\/www.sexshop.com.ar\/web\/wp-json\/wp\/v2\/media?parent=1598"}],"wp:term":[{"taxonomy":"product_brand","embeddable":true,"href":"https:\/\/www.sexshop.com.ar\/web\/wp-json\/wp\/v2\/product_brand?post=1598"},{"taxonomy":"product_cat","embeddable":true,"href":"https:\/\/www.sexshop.com.ar\/web\/wp-json\/wp\/v2\/product_cat?post=1598"},{"taxonomy":"product_tag","embeddable":true,"href":"https:\/\/www.sexshop.com.ar\/web\/wp-json\/wp\/v2\/product_tag?post=1598"}],"curies":[{"name":"wp","href":"https:\/\/api.w.org\/{rel}","templated":true}]}}