{"id":1921,"date":"2018-08-06T12:40:21","date_gmt":"2018-08-06T15:40:21","guid":{"rendered":"https:\/\/www.sexshop.com.ar\/web\/?post_type=product&#038;p=1921"},"modified":"2025-06-09T18:22:02","modified_gmt":"2025-06-09T21:22:02","slug":"mini-torso-bigger-man","status":"publish","type":"product","link":"https:\/\/www.sexshop.com.ar\/web\/producto\/mini-torso-bigger-man\/","title":{"rendered":"Mini Torso BIGGER MAN"},"content":{"rendered":"<div class=\"row-fluid producto\">\n<div id=\"single-product\">\n<div class=\"productContainer js-product-container\">\n<div class=\"span6\">\n<div class=\"description user-content clear\">\n<p>BIGGER MAN TORSO HOMBRE<\/p>\n<p>Este masturbador est\u00e1 moldeado desde un hombre de verdad para que la experiencia sea a\u00fan m\u00e1s incre\u00edble, si es posible. Lo puedes acostar sobre su espalda en cualquier superficie plana para tocar sus esculpidos pectorales mientras lo montas con placer. Pru\u00e9balo con lubricante a base de agua para una experiencia extra h\u00fameda.<\/p>\n<p><strong>Caracter\u00edsticas:<\/strong><\/p>\n<ul>\n<li>Vibraci\u00f3n<\/li>\n<li>Control remoto<\/li>\n<li>2 pilas AA<\/li>\n<\/ul>\n<p><strong>Medidas:<\/strong><\/p>\n<ul>\n<li>Masturbador: 19 cm x 17,5 cm<\/li>\n<li>Pene: 13 cm x 3,5 cm<\/li>\n<\/ul>\n<p>Dise\u00f1ado en EEUU con las m\u00e1s estrictas normas de calidad.<\/p>\n<p><em>Alcanz\u00e1 el mejor orgasmo \u00a1Disfrutalo!<\/em><\/p>\n<\/div>\n<\/div>\n<div class=\"span12 fb-com-cont\"><\/div>\n<\/div>\n<\/div>\n<\/div>\n<div id=\"related-products\">\n<div class=\"row-fluid\">\n<div class=\"headerBox m-bottom-xs\">\n<h2><\/h2>\n<\/div>\n<\/div>\n<\/div>\n","protected":false},"excerpt":{"rendered":"<p>BIGGER MAN TORSO HOMBRE<\/p>\n<p>Este masturbador est\u00e1 moldeado desde un hombre de verdad para que la experiencia sea a\u00fan m\u00e1s incre\u00edble, si es posible. Lo puedes acostar sobre su espalda en cualquier superficie plana para tocar sus esculpidos pectorales mientras lo montas con placer. Pru\u00e9balo con lubricante a base de agua para una experiencia extra h\u00fameda.<\/p>\n","protected":false},"featured_media":7609,"template":"","meta":{"_et_pb_use_builder":"","_et_pb_old_content":"","_et_gb_content_width":"","_joinchat":[]},"product_brand":[],"product_cat":[32,37,41],"product_tag":[],"class_list":{"0":"post-1921","1":"product","2":"type-product","3":"status-publish","4":"has-post-thumbnail","6":"product_cat-ellas","7":"product_cat-estimuladores-clitoriales","8":"product_cat-vaginas-munecas-y-munecos","10":"first","11":"instock","12":"shipping-taxable","13":"purchasable","14":"product-type-simple"},"_links":{"self":[{"href":"https:\/\/www.sexshop.com.ar\/web\/wp-json\/wp\/v2\/product\/1921","targetHints":{"allow":["GET"]}}],"collection":[{"href":"https:\/\/www.sexshop.com.ar\/web\/wp-json\/wp\/v2\/product"}],"about":[{"href":"https:\/\/www.sexshop.com.ar\/web\/wp-json\/wp\/v2\/types\/product"}],"wp:featuredmedia":[{"embeddable":true,"href":"https:\/\/www.sexshop.com.ar\/web\/wp-json\/wp\/v2\/media\/7609"}],"wp:attachment":[{"href":"https:\/\/www.sexshop.com.ar\/web\/wp-json\/wp\/v2\/media?parent=1921"}],"wp:term":[{"taxonomy":"product_brand","embeddable":true,"href":"https:\/\/www.sexshop.com.ar\/web\/wp-json\/wp\/v2\/product_brand?post=1921"},{"taxonomy":"product_cat","embeddable":true,"href":"https:\/\/www.sexshop.com.ar\/web\/wp-json\/wp\/v2\/product_cat?post=1921"},{"taxonomy":"product_tag","embeddable":true,"href":"https:\/\/www.sexshop.com.ar\/web\/wp-json\/wp\/v2\/product_tag?post=1921"}],"curies":[{"name":"wp","href":"https:\/\/api.w.org\/{rel}","templated":true}]}}