{"id":2218,"date":"2018-09-15T10:53:41","date_gmt":"2018-09-15T13:53:41","guid":{"rendered":"https:\/\/www.sexshop.com.ar\/web\/?post_type=product&#038;p=2218"},"modified":"2026-04-22T19:46:26","modified_gmt":"2026-04-22T22:46:26","slug":"bomba-femenina-copa-de-succion-butterfly","status":"publish","type":"product","link":"https:\/\/www.sexshop.com.ar\/web\/producto\/bomba-femenina-copa-de-succion-butterfly\/","title":{"rendered":"SUCCIONADOR VAGINAL  BUTTERFLY"},"content":{"rendered":"<p><strong>COPA DE SUCCI\u00d3N BUTTERFLY P\u00daRPURA<\/strong><\/p>\n<p>Incre\u00edble bomba succionadora para el cl\u00edtoris que incluye unas poderosas vibraciones que podr\u00e1s manejar con su control remoto con una interfaz f\u00e1cil de usar.<\/p>\n<p>Puedes usarlo para jugar en solitario o darle el mando a tu pareja para sucumbir al placer con sus vibraciones y su interior con estr\u00edas.<\/p>\n<p><strong>Caracter\u00edsticas:<\/strong><\/p>\n<ul>\n<li>Vibra<\/li>\n<li>Control Remoto<\/li>\n<li>2 pilas AA<\/li>\n<li>Bomba de succi\u00f3n<\/li>\n<\/ul>\n<p><strong>Medidas:\u00a0<\/strong>9,1 cm x 6 cm<\/p>\n<p>Dise\u00f1ado en EEUU con las m\u00e1s estrictas normas de calidad.<\/p>\n","protected":false},"excerpt":{"rendered":"<p>BI-010125R<\/p>\n<p><strong>COPA DE SUCCI\u00d3N BUTTERFLY P\u00daRPURA<\/strong><\/p>\n<p>Incre\u00edble bomba succionadora para el cl\u00edtoris que incluye unas poderosas vibraciones que podr\u00e1s manejar con su control remoto con una interfaz f\u00e1cil de usar.<\/p>\n","protected":false},"featured_media":2219,"template":"","meta":{"_et_pb_use_builder":"","_et_pb_old_content":"","_et_gb_content_width":"","_joinchat":[]},"product_brand":[],"product_cat":[32,37,34,18],"product_tag":[],"class_list":{"0":"post-2218","1":"product","2":"type-product","3":"status-publish","4":"has-post-thumbnail","6":"product_cat-ellas","7":"product_cat-estimuladores-clitoriales","8":"product_cat-inicio","9":"product_cat-vibradores","11":"first","12":"instock","13":"shipping-taxable","14":"purchasable","15":"product-type-simple"},"_links":{"self":[{"href":"https:\/\/www.sexshop.com.ar\/web\/wp-json\/wp\/v2\/product\/2218","targetHints":{"allow":["GET"]}}],"collection":[{"href":"https:\/\/www.sexshop.com.ar\/web\/wp-json\/wp\/v2\/product"}],"about":[{"href":"https:\/\/www.sexshop.com.ar\/web\/wp-json\/wp\/v2\/types\/product"}],"wp:featuredmedia":[{"embeddable":true,"href":"https:\/\/www.sexshop.com.ar\/web\/wp-json\/wp\/v2\/media\/2219"}],"wp:attachment":[{"href":"https:\/\/www.sexshop.com.ar\/web\/wp-json\/wp\/v2\/media?parent=2218"}],"wp:term":[{"taxonomy":"product_brand","embeddable":true,"href":"https:\/\/www.sexshop.com.ar\/web\/wp-json\/wp\/v2\/product_brand?post=2218"},{"taxonomy":"product_cat","embeddable":true,"href":"https:\/\/www.sexshop.com.ar\/web\/wp-json\/wp\/v2\/product_cat?post=2218"},{"taxonomy":"product_tag","embeddable":true,"href":"https:\/\/www.sexshop.com.ar\/web\/wp-json\/wp\/v2\/product_tag?post=2218"}],"curies":[{"name":"wp","href":"https:\/\/api.w.org\/{rel}","templated":true}]}}