{"id":3464,"date":"2019-12-28T11:15:49","date_gmt":"2019-12-28T14:15:49","guid":{"rendered":"https:\/\/www.sexshop.com.ar\/web\/?post_type=product&#038;p=3464"},"modified":"2026-02-16T11:32:18","modified_gmt":"2026-02-16T14:32:18","slug":"cepo-inmovilizador-manos-o-tobillos","status":"publish","type":"product","link":"https:\/\/www.sexshop.com.ar\/web\/producto\/cepo-inmovilizador-manos-o-tobillos\/","title":{"rendered":"CEPO Inmovilizador MANOS O TOBILLOS"},"content":{"rendered":"<p><strong>CEPO INMOVILIZADOR<\/strong><\/p>\n<p>Inmovilizador sexual para uso de ambos sexos, jug\u00e1 en pareja y expermient\u00e1 las sensaciones de las restricci\u00f3n a la hora de que te dominen. Este hermoso cepo tiene una barra r\u00edgida cubierta en cuero y en sus extremos esposas con doble hebilla para una sujeci\u00f3n c\u00f3moda y segura. Reforzado \u00edntegramente, fabricado en cuero con\u00a0tachas, hebillas met\u00e1licas y herrajes especiales para la pr\u00e1ctica sexual.<\/p>\n","protected":false},"excerpt":{"rendered":"<p><strong>CEPO INMOVILIZADOR<\/strong><\/p>\n<p>Inmovilizador sexual para uso de ambos sexos, jug\u00e1 en pareja y expermient\u00e1 las sensaciones de las restricci\u00f3n a la hora de que te dominen.<\/p>\n","protected":false},"featured_media":6319,"template":"","meta":{"_et_pb_use_builder":"","_et_pb_old_content":"","_et_gb_content_width":"","_joinchat":[]},"product_brand":[],"product_cat":[30],"product_tag":[],"class_list":{"0":"post-3464","1":"product","2":"type-product","3":"status-publish","4":"has-post-thumbnail","6":"product_cat-cueros","8":"first","9":"instock","10":"shipping-taxable","11":"purchasable","12":"product-type-simple"},"_links":{"self":[{"href":"https:\/\/www.sexshop.com.ar\/web\/wp-json\/wp\/v2\/product\/3464","targetHints":{"allow":["GET"]}}],"collection":[{"href":"https:\/\/www.sexshop.com.ar\/web\/wp-json\/wp\/v2\/product"}],"about":[{"href":"https:\/\/www.sexshop.com.ar\/web\/wp-json\/wp\/v2\/types\/product"}],"wp:featuredmedia":[{"embeddable":true,"href":"https:\/\/www.sexshop.com.ar\/web\/wp-json\/wp\/v2\/media\/6319"}],"wp:attachment":[{"href":"https:\/\/www.sexshop.com.ar\/web\/wp-json\/wp\/v2\/media?parent=3464"}],"wp:term":[{"taxonomy":"product_brand","embeddable":true,"href":"https:\/\/www.sexshop.com.ar\/web\/wp-json\/wp\/v2\/product_brand?post=3464"},{"taxonomy":"product_cat","embeddable":true,"href":"https:\/\/www.sexshop.com.ar\/web\/wp-json\/wp\/v2\/product_cat?post=3464"},{"taxonomy":"product_tag","embeddable":true,"href":"https:\/\/www.sexshop.com.ar\/web\/wp-json\/wp\/v2\/product_tag?post=3464"}],"curies":[{"name":"wp","href":"https:\/\/api.w.org\/{rel}","templated":true}]}}