{"id":3797,"date":"2020-05-19T11:45:13","date_gmt":"2020-05-19T14:45:13","guid":{"rendered":"https:\/\/www.sexshop.com.ar\/web\/?post_type=product&#038;p=3797"},"modified":"2025-01-27T17:22:30","modified_gmt":"2025-01-27T20:22:30","slug":"protesis-pellizcable-15-x-4-cm","status":"publish","type":"product","link":"https:\/\/www.sexshop.com.ar\/web\/producto\/protesis-pellizcable-15-x-4-cm\/","title":{"rendered":"Pr\u00f3tesis Pellizcable 15 x 4 cm"},"content":{"rendered":"<div id=\"single-product\" class=\"js-has-new-shipping js-product-detail js-product-container js-shipping-calculator-container\" data-variants=\"[{&quot;product_id&quot;:24867778,&quot;price_short&quot;:&quot;$1.095,00&quot;,&quot;price_long&quot;:&quot;$1.095,00 ARS&quot;,&quot;price_number&quot;:1095,&quot;compare_at_price_short&quot;:null,&quot;compare_at_price_long&quot;:null,&quot;compare_at_price_number&quot;:null,&quot;stock&quot;:0,&quot;sku&quot;:&quot;2407-10&quot;,&quot;available&quot;:false,&quot;contact&quot;:false,&quot;option0&quot;:null,&quot;option1&quot;:null,&quot;option2&quot;:null,&quot;id&quot;:56755294,&quot;image&quot;:77810023,&quot;image_url&quot;:&quot;\\\/\\\/d26lpennugtm8s.cloudfront.net\\\/stores\\\/662\\\/323\\\/products\\\/protesis-peneana-realistica-classsic-normal-2407-10-41-f4798a90cff15b3ffb15771293731020-1024-1024.jpg&quot;,&quot;installments_data&quot;:&quot;{\\&quot;mercadopago\\&quot;:{\\&quot;1\\&quot;:{\\&quot;installment_value\\&quot;:1095,\\&quot;installment_value_cents\\&quot;:109500,\\&quot;interest\\&quot;:0,\\&quot;total_value\\&quot;:1095,\\&quot;without_interests\\&quot;:true},\\&quot;3\\&quot;:{\\&quot;installment_value\\&quot;:431.503,\\&quot;installment_value_cents\\&quot;:43150.3,\\&quot;interest\\&quot;:0.1822,\\&quot;total_value\\&quot;:1294.509,\\&quot;without_interests\\&quot;:false},\\&quot;6\\&quot;:{\\&quot;installment_value\\&quot;:243.10825,\\&quot;installment_value_cents\\&quot;:24310.825,\\&quot;interest\\&quot;:0.3321,\\&quot;total_value\\&quot;:1458.6495,\\&quot;without_interests\\&quot;:false},\\&quot;9\\&quot;:{\\&quot;installment_value\\&quot;:181.5145,\\&quot;installment_value_cents\\&quot;:18151.45,\\&quot;interest\\&quot;:0.4919,\\&quot;total_value\\&quot;:1633.6305,\\&quot;without_interests\\&quot;:false},\\&quot;12\\&quot;:{\\&quot;installment_value\\&quot;:149.440125,\\&quot;installment_value_cents\\&quot;:14944.0125,\\&quot;interest\\&quot;:0.6377,\\&quot;total_value\\&quot;:1793.2815,\\&quot;without_interests\\&quot;:false}}}&quot;}]\">\n<div class=\"container-fluid\">\n<div class=\"row section-product-detail\">\n<div class=\"col-12 col-md-5 offset-md-1 product-detail-form-col\">\n<div class=\"js-sticky-product product-detail-container\">\n<div class=\"product-description user-content\">\n<p><strong>L\u00cdNEA PREMIUM PR\u00d3TESIS PELLIZCABLE NORMAL 15 X 4 CM<\/strong><\/p>\n<p>Ahora podes elegir una replica exacta de un pene real, una pr\u00f3tesis realizada en silicona r\u00edgida. Para usarlo solo o en pareja, lograras mas penetraciones. Este producto es ideal para personas con problemas de erecci\u00f3n o simplemente para tener sesiones de placer mucho mas largas.\u00a0Experimenta nuevas y placenteras sensaciones, no vas a notar la diferencia entre estos juguetes y un pene real.<\/p>\n<p><strong>Caracter\u00edsticas:<\/strong><\/p>\n<ul>\n<li>Pr\u00f3tesis peneana<\/li>\n<li>Modelo pellizcable<\/li>\n<li>Color: Piel<\/li>\n<li>Forma: Real\u00edstica<\/li>\n<li>Estructura: R\u00edgida<\/li>\n<li>Material: Siliconado<\/li>\n<li>Incluye Arn\u00e9s<\/li>\n<\/ul>\n<p><strong>Medida:<\/strong><\/p>\n<ul>\n<li>Externa: 15 cm x 4 cm<\/li>\n<li>Interna: 13 x 3 cm<\/li>\n<\/ul>\n<p>\u00bfCu\u00e1l es la diferencia entre una pr\u00f3tesis peneana y una funda peneana?<\/p>\n<p>Las pr\u00f3tesis peneanas son r\u00edgidas,\u00a0tienen escasa flexibilidad y se pueden utilizar con o sin erecci\u00f3n.\u00a0Las fundas peneanas tienen la funci\u00f3n de darle m\u00e1s longitud y grosor al pene erecto, las mismas se colocan sobre el pene, son el\u00e1sticas y no se pueden utilizar sin erecci\u00f3n. (Importante: Las fundas y las pr\u00f3tesis no reemplazan al preservativo)<\/p>\n<p><em>Alcanz\u00e1 tu mejor orgasmo \u00a1Disfr\u00fatalo!<\/em><\/p>\n<\/div>\n<div id=\"reviewsapp\"><\/div>\n<\/div>\n<\/div>\n<\/div>\n<\/div>\n<\/div>\n<section id=\"related-products\" class=\"section-products-related\">\n<h3 class=\"h2 section-title m-0\"><\/h3>\n<\/section>\n","protected":false},"excerpt":{"rendered":"<p><strong>L\u00cdNEA PREMIUM PR\u00d3TESIS PELLIZCABLE NORMAL 15 X 4 CM<\/strong><\/p>\n<p>Ahora podes elegir una replica exacta de un pene real, una pr\u00f3tesis realizada en silicona r\u00edgida. Para usarlo solo o en pareja, lograras mas penetraciones.<\/p>\n","protected":false},"featured_media":3798,"template":"","meta":{"_et_pb_use_builder":"","_et_pb_old_content":"","_et_gb_content_width":"","_joinchat":[]},"product_brand":[],"product_cat":[33,44],"product_tag":[],"class_list":{"0":"post-3797","1":"product","2":"type-product","3":"status-publish","4":"has-post-thumbnail","6":"product_cat-ellos","7":"product_cat-protesis","9":"first","10":"instock","11":"shipping-taxable","12":"purchasable","13":"product-type-simple"},"_links":{"self":[{"href":"https:\/\/www.sexshop.com.ar\/web\/wp-json\/wp\/v2\/product\/3797","targetHints":{"allow":["GET"]}}],"collection":[{"href":"https:\/\/www.sexshop.com.ar\/web\/wp-json\/wp\/v2\/product"}],"about":[{"href":"https:\/\/www.sexshop.com.ar\/web\/wp-json\/wp\/v2\/types\/product"}],"wp:featuredmedia":[{"embeddable":true,"href":"https:\/\/www.sexshop.com.ar\/web\/wp-json\/wp\/v2\/media\/3798"}],"wp:attachment":[{"href":"https:\/\/www.sexshop.com.ar\/web\/wp-json\/wp\/v2\/media?parent=3797"}],"wp:term":[{"taxonomy":"product_brand","embeddable":true,"href":"https:\/\/www.sexshop.com.ar\/web\/wp-json\/wp\/v2\/product_brand?post=3797"},{"taxonomy":"product_cat","embeddable":true,"href":"https:\/\/www.sexshop.com.ar\/web\/wp-json\/wp\/v2\/product_cat?post=3797"},{"taxonomy":"product_tag","embeddable":true,"href":"https:\/\/www.sexshop.com.ar\/web\/wp-json\/wp\/v2\/product_tag?post=3797"}],"curies":[{"name":"wp","href":"https:\/\/api.w.org\/{rel}","templated":true}]}}