{"id":3947,"date":"2020-07-08T13:22:04","date_gmt":"2020-07-08T16:22:04","guid":{"rendered":"https:\/\/www.sexshop.com.ar\/web\/?post_type=product&#038;p=3947"},"modified":"2025-02-03T12:33:47","modified_gmt":"2025-02-03T15:33:47","slug":"leather-arnes-doble-agujero","status":"publish","type":"product","link":"https:\/\/www.sexshop.com.ar\/web\/producto\/leather-arnes-doble-agujero\/","title":{"rendered":"LEATHER ARNES DOBLE AGUJERO"},"content":{"rendered":"<p><strong>LEATHER ARNES DOBLE AGUJERO<\/strong><\/p>\n<p>Esta fabricado en\u00a0<em>cuero negro genuino<\/em>, cintur\u00f3n con el\u00e1sticos para una mejor sujeci\u00f3n al cuerpo.\u00a0Lo que hay que destacar es su arn\u00e9s ya que tiene su agarre bien firme.\u00a0Deje que la incre\u00edble Leather le muestre lo capaz que es para producir placer absoluto. Especial para la Doble Penetraci\u00f3n.<\/p>\n<p><strong>Caracter\u00edsticas:<\/strong><\/p>\n<ul>\n<li>Cuero ecol\u00f3gico<\/li>\n<li>Correas el\u00e1sticas<\/li>\n<li>Dos agujeros<\/li>\n<li>Tachas<\/li>\n<\/ul>\n<p><strong>Tama\u00f1o Agujero:<\/strong><\/p>\n<ul>\n<li>Cada uno de\u00a0 \u00a04 cm de di\u00e1metro<\/li>\n<\/ul>\n","protected":false},"excerpt":{"rendered":"<p><strong>LEATHER ARNES DOBLE AGUJERO<\/strong><\/p>\n<p>Esta fabricado en\u00a0<em>cuero negro genuino<\/em>, cintur\u00f3n con el\u00e1sticos para una mejor sujeci\u00f3n al cuerpo.<\/p>\n","protected":false},"featured_media":3948,"template":"","meta":{"_et_pb_use_builder":"","_et_pb_old_content":"","_et_gb_content_width":"","_joinchat":[]},"product_brand":[],"product_cat":[30,32,44],"product_tag":[],"class_list":{"0":"post-3947","1":"product","2":"type-product","3":"status-publish","4":"has-post-thumbnail","6":"product_cat-cueros","7":"product_cat-ellas","8":"product_cat-protesis","10":"first","11":"instock","12":"shipping-taxable","13":"purchasable","14":"product-type-simple"},"_links":{"self":[{"href":"https:\/\/www.sexshop.com.ar\/web\/wp-json\/wp\/v2\/product\/3947","targetHints":{"allow":["GET"]}}],"collection":[{"href":"https:\/\/www.sexshop.com.ar\/web\/wp-json\/wp\/v2\/product"}],"about":[{"href":"https:\/\/www.sexshop.com.ar\/web\/wp-json\/wp\/v2\/types\/product"}],"wp:featuredmedia":[{"embeddable":true,"href":"https:\/\/www.sexshop.com.ar\/web\/wp-json\/wp\/v2\/media\/3948"}],"wp:attachment":[{"href":"https:\/\/www.sexshop.com.ar\/web\/wp-json\/wp\/v2\/media?parent=3947"}],"wp:term":[{"taxonomy":"product_brand","embeddable":true,"href":"https:\/\/www.sexshop.com.ar\/web\/wp-json\/wp\/v2\/product_brand?post=3947"},{"taxonomy":"product_cat","embeddable":true,"href":"https:\/\/www.sexshop.com.ar\/web\/wp-json\/wp\/v2\/product_cat?post=3947"},{"taxonomy":"product_tag","embeddable":true,"href":"https:\/\/www.sexshop.com.ar\/web\/wp-json\/wp\/v2\/product_tag?post=3947"}],"curies":[{"name":"wp","href":"https:\/\/api.w.org\/{rel}","templated":true}]}}