{"id":3963,"date":"2020-07-15T11:46:09","date_gmt":"2020-07-15T14:46:09","guid":{"rendered":"https:\/\/www.sexshop.com.ar\/web\/?post_type=product&#038;p=3963"},"modified":"2024-11-27T14:49:14","modified_gmt":"2024-11-27T17:49:14","slug":"vibrador-kong-vibro-realistico","status":"publish","type":"product","link":"https:\/\/www.sexshop.com.ar\/web\/producto\/vibrador-kong-vibro-realistico\/","title":{"rendered":"Vibrador Kong Vibro REALISTICO"},"content":{"rendered":"<p><strong>DILDO VIBRADOR KONG REALISTICO<\/strong><\/p>\n<p>Se siente como un pene verdadero, su firme erecci\u00f3n provoca sensaciones inigualables, le ocasionar\u00e1 m\u00faltiples orgasmos. Artesanales, estos consoladores simulan el pene del hombre en todos sus detalles.<\/p>\n<p><strong>Caracter\u00edsticas:<\/strong><\/p>\n<ul>\n<li>Consolador vibrador<\/li>\n<li>Dise\u00f1o Real\u00edstico<\/li>\n<li>Apto uso con Arn\u00e9s<\/li>\n<li>Test\u00edculos y glande<\/li>\n<li>Material: Siliconado<\/li>\n<li>Tipo: Vibrador con Cable<\/li>\n<li>2 Pilas AA (No incluidas)<\/li>\n<\/ul>\n<p><strong>Medida:\u00a0<\/strong>20 cm x 6 cm<\/p>\n<p><em>Alcanz\u00e1 el mejor orgasmo \u00a1Disfrutalo!<\/em><\/p>\n","protected":false},"excerpt":{"rendered":"<p><strong>DILDO VIBRADOR KONG REALISTICO<\/strong><\/p>\n<p>Se siente como un pene verdadero, su firme erecci\u00f3n provoca sensaciones inigualables, le ocasionar\u00e1 m\u00faltiples orgasmos.<\/p>\n","protected":false},"featured_media":3964,"template":"","meta":{"_et_pb_use_builder":"","_et_pb_old_content":"","_et_gb_content_width":"","_joinchat":[]},"product_brand":[],"product_cat":[18],"product_tag":[],"class_list":{"0":"post-3963","1":"product","2":"type-product","3":"status-publish","4":"has-post-thumbnail","6":"product_cat-vibradores","8":"first","9":"instock","10":"shipping-taxable","11":"purchasable","12":"product-type-simple"},"_links":{"self":[{"href":"https:\/\/www.sexshop.com.ar\/web\/wp-json\/wp\/v2\/product\/3963","targetHints":{"allow":["GET"]}}],"collection":[{"href":"https:\/\/www.sexshop.com.ar\/web\/wp-json\/wp\/v2\/product"}],"about":[{"href":"https:\/\/www.sexshop.com.ar\/web\/wp-json\/wp\/v2\/types\/product"}],"wp:featuredmedia":[{"embeddable":true,"href":"https:\/\/www.sexshop.com.ar\/web\/wp-json\/wp\/v2\/media\/3964"}],"wp:attachment":[{"href":"https:\/\/www.sexshop.com.ar\/web\/wp-json\/wp\/v2\/media?parent=3963"}],"wp:term":[{"taxonomy":"product_brand","embeddable":true,"href":"https:\/\/www.sexshop.com.ar\/web\/wp-json\/wp\/v2\/product_brand?post=3963"},{"taxonomy":"product_cat","embeddable":true,"href":"https:\/\/www.sexshop.com.ar\/web\/wp-json\/wp\/v2\/product_cat?post=3963"},{"taxonomy":"product_tag","embeddable":true,"href":"https:\/\/www.sexshop.com.ar\/web\/wp-json\/wp\/v2\/product_tag?post=3963"}],"curies":[{"name":"wp","href":"https:\/\/api.w.org\/{rel}","templated":true}]}}