{"id":3986,"date":"2020-07-22T11:35:34","date_gmt":"2020-07-22T14:35:34","guid":{"rendered":"https:\/\/www.sexshop.com.ar\/web\/?post_type=product&#038;p=3986"},"modified":"2024-11-27T14:49:14","modified_gmt":"2024-11-27T17:49:14","slug":"vibrador-vibe-americano-bananin-negro","status":"publish","type":"product","link":"https:\/\/www.sexshop.com.ar\/web\/producto\/vibrador-vibe-americano-bananin-negro\/","title":{"rendered":"Vibrador VIBE AMERICANO BANANIN NEGRO"},"content":{"rendered":"<p><b>Vibe Americano Bananin Negro.<\/b>\u00a0Este\u00a0vibrador perteneciente a la l\u00ednea bronx posee una textura siliconada que se\u00a0adapta a la temperatura corporal brindando placer a la pareja.\u00a0Para mayor satisfacci\u00f3n el juguete viene con un vibrador multi speed que regula la intensidad.\u00a0Se recomienda el uso de lubricantes al agua.<\/p>\n<p>Oscuridad total para tus fantas\u00edas, dise\u00f1ados con la rigidez justa y de m\u00e1xima calidad. Venas texturadas para una sensaci\u00f3n m\u00e1s real, acompa\u00f1ado de un buen lubricante te har\u00e1 so\u00f1ar!<\/p>\n<p><strong>Caracter\u00edsticas:<\/strong><\/p>\n<ul>\n<li>Color: Negro<\/li>\n<li>Textura<\/li>\n<li>Vibrador<\/li>\n<li>Multi velocidad<\/li>\n<li>Material: TPE<\/li>\n<li>\n<blockquote><p>Tipo: Dildo con vibro.<\/p><\/blockquote>\n<blockquote><p>Medida: 21 cm x 3,5 \u00d8.<\/p><\/blockquote>\n<blockquote><p>Pilas: 2 Pilas AA<\/p><\/blockquote>\n<blockquote><p>Phthalate Free \/ Libre Ftalato.<\/p><\/blockquote>\n<\/li>\n<\/ul>\n<p>&nbsp;<\/p>\n","protected":false},"excerpt":{"rendered":"<p>SKU\u00a010-702-22<\/p>\n<p>Oscuridad total para tus fantas\u00edas, dise\u00f1ados con la rigidez justa y de m\u00e1xima calidad. Venas texturadas para una sensaci\u00f3n m\u00e1s real, acompa\u00f1ado de un buen lubricante te har\u00e1 so\u00f1ar!<\/p>\n","protected":false},"featured_media":3987,"template":"","meta":{"_et_pb_use_builder":"","_et_pb_old_content":"","_et_gb_content_width":"","_joinchat":[]},"product_brand":[],"product_cat":[18],"product_tag":[],"class_list":{"0":"post-3986","1":"product","2":"type-product","3":"status-publish","4":"has-post-thumbnail","6":"product_cat-vibradores","8":"first","9":"instock","10":"shipping-taxable","11":"purchasable","12":"product-type-simple"},"_links":{"self":[{"href":"https:\/\/www.sexshop.com.ar\/web\/wp-json\/wp\/v2\/product\/3986","targetHints":{"allow":["GET"]}}],"collection":[{"href":"https:\/\/www.sexshop.com.ar\/web\/wp-json\/wp\/v2\/product"}],"about":[{"href":"https:\/\/www.sexshop.com.ar\/web\/wp-json\/wp\/v2\/types\/product"}],"wp:featuredmedia":[{"embeddable":true,"href":"https:\/\/www.sexshop.com.ar\/web\/wp-json\/wp\/v2\/media\/3987"}],"wp:attachment":[{"href":"https:\/\/www.sexshop.com.ar\/web\/wp-json\/wp\/v2\/media?parent=3986"}],"wp:term":[{"taxonomy":"product_brand","embeddable":true,"href":"https:\/\/www.sexshop.com.ar\/web\/wp-json\/wp\/v2\/product_brand?post=3986"},{"taxonomy":"product_cat","embeddable":true,"href":"https:\/\/www.sexshop.com.ar\/web\/wp-json\/wp\/v2\/product_cat?post=3986"},{"taxonomy":"product_tag","embeddable":true,"href":"https:\/\/www.sexshop.com.ar\/web\/wp-json\/wp\/v2\/product_tag?post=3986"}],"curies":[{"name":"wp","href":"https:\/\/api.w.org\/{rel}","templated":true}]}}