{"id":4056,"date":"2020-08-19T12:39:27","date_gmt":"2020-08-19T15:39:27","guid":{"rendered":"https:\/\/www.sexshop.com.ar\/web\/?post_type=product&#038;p=4056"},"modified":"2026-04-15T17:30:31","modified_gmt":"2026-04-15T20:30:31","slug":"aceite-miss-v-sexcita","status":"publish","type":"product","link":"https:\/\/www.sexshop.com.ar\/web\/producto\/aceite-miss-v-sexcita\/","title":{"rendered":"Aceite MISS V SEXCITA"},"content":{"rendered":"<h2>Descripci\u00f3n del Producto<\/h2>\n<p><strong>Aceite para lubricaci\u00f3n intima.<\/strong><\/p>\n<p>\u00danico aceite lubricante con componentes estimulantes como L-arginina, Damiana y Guaran\u00e1.<\/p>\n<h3>Beneficios:<\/h3>\n<ul>\n<li>Esimulante \/ excitante.<\/li>\n<li>T\u00e9rmico, con un agradable efecto c\u00e1lido tanto en la piel como en los labios.<\/li>\n<li>Lubricante \u00edntimo.<\/li>\n<li>No mancha, no deja residuos.<\/li>\n<li>Es hidrosoluble, compatible con el uso de preservativos.<\/li>\n<\/ul>\n<h3>Modo de uso:<\/h3>\n<p>Aplicar durante el juego previo para permitir que los componentes estimulantes act\u00faen. No hay restricci\u00f3n en la cantidad a utilizar. Soplar sobre la zona donde se ha aplicado Sexcita, potencia su efecto c\u00e1lido. Adem\u00e1s de su uso en pareja, tambi\u00e9n es ideal para masturbaci\u00f3n.<\/p>\n<h3>Presentaci\u00f3n:<\/h3>\n<p>Envase de 30 ml con tapa inviolable.<\/p>\n<p><strong>TODOS LOS PRODUCTOS MISS V SE ENCUENTRAN APROBADOS POR I.N.A.M.E DEPENDIENTE DE A.N.M.A.T.<\/strong><\/p>\n<p>Ante cualquier duda consulte a su m\u00e9dico. En caso de irritaci\u00f3n discontinuar su uso.<\/p>\n","protected":false},"excerpt":{"rendered":"<p><strong>Aceite para lubricaci\u00f3n intima.<\/strong><\/p>\n<p>\u00danico aceite lubricante con componentes estimulantes como L-arginina, Damiana y Guaran\u00e1.<\/p>\n","protected":false},"featured_media":6290,"template":"","meta":{"_et_pb_use_builder":"","_et_pb_old_content":"","_et_gb_content_width":"","_joinchat":[]},"product_brand":[],"product_cat":[35],"product_tag":[],"class_list":{"0":"post-4056","1":"product","2":"type-product","3":"status-publish","4":"has-post-thumbnail","6":"product_cat-geles-y-lubricantes","8":"first","9":"instock","10":"shipping-taxable","11":"purchasable","12":"product-type-simple"},"_links":{"self":[{"href":"https:\/\/www.sexshop.com.ar\/web\/wp-json\/wp\/v2\/product\/4056","targetHints":{"allow":["GET"]}}],"collection":[{"href":"https:\/\/www.sexshop.com.ar\/web\/wp-json\/wp\/v2\/product"}],"about":[{"href":"https:\/\/www.sexshop.com.ar\/web\/wp-json\/wp\/v2\/types\/product"}],"wp:featuredmedia":[{"embeddable":true,"href":"https:\/\/www.sexshop.com.ar\/web\/wp-json\/wp\/v2\/media\/6290"}],"wp:attachment":[{"href":"https:\/\/www.sexshop.com.ar\/web\/wp-json\/wp\/v2\/media?parent=4056"}],"wp:term":[{"taxonomy":"product_brand","embeddable":true,"href":"https:\/\/www.sexshop.com.ar\/web\/wp-json\/wp\/v2\/product_brand?post=4056"},{"taxonomy":"product_cat","embeddable":true,"href":"https:\/\/www.sexshop.com.ar\/web\/wp-json\/wp\/v2\/product_cat?post=4056"},{"taxonomy":"product_tag","embeddable":true,"href":"https:\/\/www.sexshop.com.ar\/web\/wp-json\/wp\/v2\/product_tag?post=4056"}],"curies":[{"name":"wp","href":"https:\/\/api.w.org\/{rel}","templated":true}]}}