{"id":4100,"date":"2020-08-25T12:16:58","date_gmt":"2020-08-25T15:16:58","guid":{"rendered":"https:\/\/www.sexshop.com.ar\/web\/?post_type=product&#038;p=4100"},"modified":"2026-02-16T11:31:08","modified_gmt":"2026-02-16T14:31:08","slug":"doble-dildo-realistico","status":"publish","type":"product","link":"https:\/\/www.sexshop.com.ar\/web\/producto\/doble-dildo-realistico\/","title":{"rendered":"DOBLE DILDO REAL\u00cdSTICO"},"content":{"rendered":"<p><strong>DOBLE DILDO REAL\u00cdSTICO<\/strong><\/p>\n<p>Doble cabeza para que las uses como quieras, muy flexibles permitiendo penetraciones dobles en solitario, pero se desenvuelve mejor en parejas de mujeres, de hombres o mixtas. Un leve relieve que har\u00e1 que cada penetraci\u00f3n parezca una verdadera, glande bien formada en cada extremo y la flexibilidad justa para la doble auto penetraci\u00f3n.<\/p>\n<p><strong>Caracter\u00edsticas:<\/strong><\/p>\n<ul>\n<li>Real\u00edstico<\/li>\n<li>Glande en ambos extremos<\/li>\n<li>Flexible<\/li>\n<li>Textura suave<\/li>\n<\/ul>\n","protected":false},"excerpt":{"rendered":"<p><strong>DOBLE DILDO REAL\u00cdSTICO<\/strong><\/p>\n<p>Doble cabeza para que las uses como quieras, muy flexibles permitiendo penetraciones dobles en solitario, pero se desenvuelve mejor en parejas de mujeres, de hombres o mixtas.<\/p>\n","protected":false},"featured_media":4101,"template":"","meta":{"_et_pb_use_builder":"","_et_pb_old_content":"","_et_gb_content_width":"","_joinchat":[]},"product_brand":[],"product_cat":[29,32],"product_tag":[],"class_list":{"0":"post-4100","1":"product","2":"type-product","3":"status-publish","4":"has-post-thumbnail","6":"product_cat-consoladores-y-dildos","7":"product_cat-ellas","9":"first","10":"instock","11":"shipping-taxable","12":"purchasable","13":"product-type-simple"},"_links":{"self":[{"href":"https:\/\/www.sexshop.com.ar\/web\/wp-json\/wp\/v2\/product\/4100","targetHints":{"allow":["GET"]}}],"collection":[{"href":"https:\/\/www.sexshop.com.ar\/web\/wp-json\/wp\/v2\/product"}],"about":[{"href":"https:\/\/www.sexshop.com.ar\/web\/wp-json\/wp\/v2\/types\/product"}],"wp:featuredmedia":[{"embeddable":true,"href":"https:\/\/www.sexshop.com.ar\/web\/wp-json\/wp\/v2\/media\/4101"}],"wp:attachment":[{"href":"https:\/\/www.sexshop.com.ar\/web\/wp-json\/wp\/v2\/media?parent=4100"}],"wp:term":[{"taxonomy":"product_brand","embeddable":true,"href":"https:\/\/www.sexshop.com.ar\/web\/wp-json\/wp\/v2\/product_brand?post=4100"},{"taxonomy":"product_cat","embeddable":true,"href":"https:\/\/www.sexshop.com.ar\/web\/wp-json\/wp\/v2\/product_cat?post=4100"},{"taxonomy":"product_tag","embeddable":true,"href":"https:\/\/www.sexshop.com.ar\/web\/wp-json\/wp\/v2\/product_tag?post=4100"}],"curies":[{"name":"wp","href":"https:\/\/api.w.org\/{rel}","templated":true}]}}