{"id":4181,"date":"2020-10-01T16:53:25","date_gmt":"2020-10-01T19:53:25","guid":{"rendered":"https:\/\/www.sexshop.com.ar\/web\/?post_type=product&#038;p=4181"},"modified":"2026-02-23T11:58:10","modified_gmt":"2026-02-23T14:58:10","slug":"xxx-for-her-oleo-orgasmico-estimulante-xxx-for-her","status":"publish","type":"product","link":"https:\/\/www.sexshop.com.ar\/web\/producto\/xxx-for-her-oleo-orgasmico-estimulante-xxx-for-her\/","title":{"rendered":"OLEO ORG\u00c1SMICO XXX FOR HER Sexo Oral"},"content":{"rendered":"<h3>Es seguro y agradable de usar durante el sexo oral.<\/h3>\n<h4>\u00danico oleo org\u00e1smico del mercado con aceites 1000% naturales. formulado con cinnamon, ginger y Rosmary.<\/h4>\n<h4>Crea una sensaci\u00f3n \u00fanica de vibraci\u00f3n y placer en el cl\u00edtoris.<\/h4>\n<h4>\u00a1Esta f\u00f3rmula a base de aceites esenciales y RoseMary sorprendentemente poderosa crea una sensaci\u00f3n de vibraci\u00f3n \u00fanica que despierta las terminaciones nerviosas en el clitoris.<br \/>\nComienza como un suave hormigueo, seguido de un calor que se convierte en un resplandor envolvente. Esta sensaci\u00f3n se extiende m\u00e1s all\u00e1 del cl\u00edtoris e incluso se puede sentir en los labios y en la entrada vaginal. Luego viene una fuerte sensaci\u00f3n de hormigueo acompa\u00f1ada con una sensaci\u00f3n de apretamiento creando una experiencia sexual completamente nueva e intensa&#8230;<\/h4>\n<h4>Este Estimulante de Cl\u00edtoris, como la mayor\u00eda de nuestros productos podes utilizarlos sola o en pareja, record\u00e1 que con solo una gota alcanzar\u00e1 todo su efecto, es por ello que te rendir\u00e1 para muchas veladas de amor\u2026<\/h4>\n<h4><\/h4>\n<ul>\n<li>\n<h4>Lleva la satisfaccion del placer al limite<\/h4>\n<\/li>\n<li>\n<h4>Est\u00e1 hecho de ingredientes 100% naturales y aceites esenciales.<\/h4>\n<\/li>\n<li>\n<h4>Es seguro y agradable de usar durante el sexo oral.<\/h4>\n<\/li>\n<li>\n<h4>15 mL.<\/h4>\n<\/li>\n<\/ul>\n","protected":false},"excerpt":{"rendered":"<h4>Es seguro y agradable de usar durante el sexo oral .\u00danico oleo org\u00e1smico del mercado con aceites 1000% naturales. formulado con cinnamon, ginger y Rosmary.<\/h4>\n","protected":false},"featured_media":4936,"template":"","meta":{"_et_pb_use_builder":"","_et_pb_old_content":"","_et_gb_content_width":"","_joinchat":[]},"product_brand":[],"product_cat":[25,32,33,35],"product_tag":[],"class_list":{"0":"post-4181","1":"product","2":"type-product","3":"status-publish","4":"has-post-thumbnail","6":"product_cat-afrodisiacos","7":"product_cat-ellas","8":"product_cat-ellos","9":"product_cat-geles-y-lubricantes","11":"first","12":"instock","13":"shipping-taxable","14":"purchasable","15":"product-type-simple"},"_links":{"self":[{"href":"https:\/\/www.sexshop.com.ar\/web\/wp-json\/wp\/v2\/product\/4181","targetHints":{"allow":["GET"]}}],"collection":[{"href":"https:\/\/www.sexshop.com.ar\/web\/wp-json\/wp\/v2\/product"}],"about":[{"href":"https:\/\/www.sexshop.com.ar\/web\/wp-json\/wp\/v2\/types\/product"}],"wp:featuredmedia":[{"embeddable":true,"href":"https:\/\/www.sexshop.com.ar\/web\/wp-json\/wp\/v2\/media\/4936"}],"wp:attachment":[{"href":"https:\/\/www.sexshop.com.ar\/web\/wp-json\/wp\/v2\/media?parent=4181"}],"wp:term":[{"taxonomy":"product_brand","embeddable":true,"href":"https:\/\/www.sexshop.com.ar\/web\/wp-json\/wp\/v2\/product_brand?post=4181"},{"taxonomy":"product_cat","embeddable":true,"href":"https:\/\/www.sexshop.com.ar\/web\/wp-json\/wp\/v2\/product_cat?post=4181"},{"taxonomy":"product_tag","embeddable":true,"href":"https:\/\/www.sexshop.com.ar\/web\/wp-json\/wp\/v2\/product_tag?post=4181"}],"curies":[{"name":"wp","href":"https:\/\/api.w.org\/{rel}","templated":true}]}}