{"id":4525,"date":"2021-01-02T11:56:41","date_gmt":"2021-01-02T14:56:41","guid":{"rendered":"https:\/\/www.sexshop.com.ar\/web\/?post_type=product&#038;p=4525"},"modified":"2025-01-27T11:37:45","modified_gmt":"2025-01-27T14:37:45","slug":"vibrador-triple-estimulador-punto-g-clitoris-anal-multifuncion","status":"publish","type":"product","link":"https:\/\/www.sexshop.com.ar\/web\/producto\/vibrador-triple-estimulador-punto-g-clitoris-anal-multifuncion\/","title":{"rendered":"VIBRADOR TRIPLE ESTIMULADOR PUNTO G CLITORIS ANAL MULTIFUNCION"},"content":{"rendered":"<p>Del\u00e9itate con los placeres simples de un cl\u00e1sico! Este estimulador de pr\u00f3stata est\u00e1 h\u00e1bilmente curvado para alcanzar y masajear la gl\u00e1ndula prost\u00e1tica del hombre, mientras que el mango curvo estimula suavemente su perineo con movimientos cortos y firmes. Es perfecto para principiantes y una excelente manera para que los principiantes experimenten con el juego anal. Las manijas resistentes aseguran una extracci\u00f3n segura y f\u00e1cil, y la limpieza es muy f\u00e1cil despu\u00e9s de la diversi\u00f3n con jab\u00f3n neutro y agua tibia. Usa abundante lubricante para un encuentro extra h\u00famedo y extra salvaje.<\/p>\n","protected":false},"excerpt":{"rendered":"<p>Del\u00e9itate\u00a0con los placeres simples de un cl\u00e1sico! Este estimulador de pr\u00f3stata est\u00e1 h\u00e1bilmente curvado para alcanzar y masajear la gl\u00e1ndula prost\u00e1tica del hombre, mientras que el mango curvo estimula suavemente su perineo con movimientos cortos y firmes<\/p>\n","protected":false},"featured_media":4526,"template":"","meta":{"_et_pb_use_builder":"","_et_pb_old_content":"","_et_gb_content_width":"","_joinchat":[]},"product_brand":[],"product_cat":[28,33,37,18],"product_tag":[],"class_list":{"0":"post-4525","1":"product","2":"type-product","3":"status-publish","4":"has-post-thumbnail","6":"product_cat-consoladores-anales","7":"product_cat-ellos","8":"product_cat-estimuladores-clitoriales","9":"product_cat-vibradores","11":"first","12":"instock","13":"shipping-taxable","14":"purchasable","15":"product-type-simple"},"_links":{"self":[{"href":"https:\/\/www.sexshop.com.ar\/web\/wp-json\/wp\/v2\/product\/4525","targetHints":{"allow":["GET"]}}],"collection":[{"href":"https:\/\/www.sexshop.com.ar\/web\/wp-json\/wp\/v2\/product"}],"about":[{"href":"https:\/\/www.sexshop.com.ar\/web\/wp-json\/wp\/v2\/types\/product"}],"wp:featuredmedia":[{"embeddable":true,"href":"https:\/\/www.sexshop.com.ar\/web\/wp-json\/wp\/v2\/media\/4526"}],"wp:attachment":[{"href":"https:\/\/www.sexshop.com.ar\/web\/wp-json\/wp\/v2\/media?parent=4525"}],"wp:term":[{"taxonomy":"product_brand","embeddable":true,"href":"https:\/\/www.sexshop.com.ar\/web\/wp-json\/wp\/v2\/product_brand?post=4525"},{"taxonomy":"product_cat","embeddable":true,"href":"https:\/\/www.sexshop.com.ar\/web\/wp-json\/wp\/v2\/product_cat?post=4525"},{"taxonomy":"product_tag","embeddable":true,"href":"https:\/\/www.sexshop.com.ar\/web\/wp-json\/wp\/v2\/product_tag?post=4525"}],"curies":[{"name":"wp","href":"https:\/\/api.w.org\/{rel}","templated":true}]}}