{"id":4531,"date":"2021-01-02T12:01:52","date_gmt":"2021-01-02T15:01:52","guid":{"rendered":"https:\/\/www.sexshop.com.ar\/web\/?post_type=product&#038;p=4531"},"modified":"2025-02-03T18:21:12","modified_gmt":"2025-02-03T21:21:12","slug":"vibrador-para-dedo","status":"publish","type":"product","link":"https:\/\/www.sexshop.com.ar\/web\/producto\/vibrador-para-dedo\/","title":{"rendered":"VIBRADOR PARA DEDO"},"content":{"rendered":"<p style=\"font-weight: 400;\">Maravillosamente flexible, pero firme, es f\u00e1cil de usar<\/p>\n<p style=\"font-weight: 400;\">Dise\u00f1o aerodin\u00e1mico \u00fanico.<\/p>\n<p style=\"font-weight: 400;\">La superficie lisa no causar\u00e1 da\u00f1o a la piel.<\/p>\n<p style=\"font-weight: 400;\">Cumple la demanda de la mujer.<\/p>\n<p style=\"font-weight: 400;\">Su forma especial est\u00e1 dise\u00f1ada para un juego seguro<\/p>\n<p style=\"font-weight: 400;\">Es un regalo perfecto.<\/p>\n<p style=\"font-weight: 400;\">Descubre el placer en tus juegos con este incre\u00edble dedo vibrador.<\/p>\n<p style=\"font-weight: 400;\">Util\u00edzalos en tus juegos sexuales, d\u00e1ndoles ese toque sensual y especial que los har\u00e1n inigualables.<\/p>\n","protected":false},"excerpt":{"rendered":"<p style=\"font-weight: 400;\">Maravillosamente flexible, pero firme, es f\u00e1cil de usar Dise\u00f1o aerodin\u00e1mico \u00fanico.<\/p>\n","protected":false},"featured_media":4533,"template":"","meta":{"_et_pb_use_builder":"","_et_pb_old_content":"","_et_gb_content_width":"","_joinchat":[]},"product_brand":[],"product_cat":[37,18],"product_tag":[],"class_list":{"0":"post-4531","1":"product","2":"type-product","3":"status-publish","4":"has-post-thumbnail","6":"product_cat-estimuladores-clitoriales","7":"product_cat-vibradores","9":"first","10":"instock","11":"shipping-taxable","12":"purchasable","13":"product-type-simple"},"_links":{"self":[{"href":"https:\/\/www.sexshop.com.ar\/web\/wp-json\/wp\/v2\/product\/4531","targetHints":{"allow":["GET"]}}],"collection":[{"href":"https:\/\/www.sexshop.com.ar\/web\/wp-json\/wp\/v2\/product"}],"about":[{"href":"https:\/\/www.sexshop.com.ar\/web\/wp-json\/wp\/v2\/types\/product"}],"wp:featuredmedia":[{"embeddable":true,"href":"https:\/\/www.sexshop.com.ar\/web\/wp-json\/wp\/v2\/media\/4533"}],"wp:attachment":[{"href":"https:\/\/www.sexshop.com.ar\/web\/wp-json\/wp\/v2\/media?parent=4531"}],"wp:term":[{"taxonomy":"product_brand","embeddable":true,"href":"https:\/\/www.sexshop.com.ar\/web\/wp-json\/wp\/v2\/product_brand?post=4531"},{"taxonomy":"product_cat","embeddable":true,"href":"https:\/\/www.sexshop.com.ar\/web\/wp-json\/wp\/v2\/product_cat?post=4531"},{"taxonomy":"product_tag","embeddable":true,"href":"https:\/\/www.sexshop.com.ar\/web\/wp-json\/wp\/v2\/product_tag?post=4531"}],"curies":[{"name":"wp","href":"https:\/\/api.w.org\/{rel}","templated":true}]}}