{"id":4688,"date":"2021-02-01T17:44:44","date_gmt":"2021-02-01T20:44:44","guid":{"rendered":"https:\/\/www.sexshop.com.ar\/web\/?post_type=product&#038;p=4688"},"modified":"2024-11-27T14:44:40","modified_gmt":"2024-11-27T17:44:40","slug":"realistic-cock-mulatto-vibe","status":"publish","type":"product","link":"https:\/\/www.sexshop.com.ar\/web\/producto\/realistic-cock-mulatto-vibe\/","title":{"rendered":"Realistic Cock Mulatto Vibe"},"content":{"rendered":"<p style=\"font-weight: 400\"><strong>VIBRADOR REALISTIC COCK MULATTO<\/strong><\/p>\n<p style=\"font-weight: 400\">Vibrador real\u00edstico simil pene de hombre, dise\u00f1ado para ser la r\u00e9plica exacta de los que tanto te gusta. Un pene marr\u00f3n para la mejor penetraci\u00f3n que puedas imaginar. Glande bien formado en su punta y t\u00e9sticulos en su parte inferior para que sientas todo el poder de un pene real en tus manos. Enciende las vibraciones para llegar al orgasmo perfecto.<\/p>\n<p style=\"font-weight: 400\"><strong>Caracter\u00edsticas:<\/strong><\/p>\n<ul style=\"font-weight: 400\">\n<li>Real\u00edstico<\/li>\n<li>Mulatto (Marr\u00f3n)<\/li>\n<li>Multi-vibraci\u00f3n<\/li>\n<li>Ventosa<\/li>\n<li>Glande y test\u00edculos<\/li>\n<li>Cuerpo siliconado<\/li>\n<li>Apto arn\u00e9s<\/li>\n<li>Libre de Ftalatos<\/li>\n<li>\n<p style=\"font-weight: 400\"><strong>Medidas:<\/strong>\u00a016 cm x 4 cm<\/p>\n<\/li>\n<\/ul>\n","protected":false},"excerpt":{"rendered":"<p style=\"font-weight: 400\"><strong>VIBRADOR REALISTIC COCK MULATTO<\/strong><\/p>\n<p style=\"font-weight: 400\">Vibrador real\u00edstico simil pene de hombre, dise\u00f1ado para ser la r\u00e9plica exacta de los que tanto te gusta. Un pene marr\u00f3n para la mejor penetraci\u00f3n que puedas imaginar.<\/p>\n","protected":false},"featured_media":4689,"template":"","meta":{"_et_pb_use_builder":"","_et_pb_old_content":"","_et_gb_content_width":"","_joinchat":[]},"product_brand":[],"product_cat":[18],"product_tag":[],"class_list":{"0":"post-4688","1":"product","2":"type-product","3":"status-publish","4":"has-post-thumbnail","6":"product_cat-vibradores","8":"first","9":"instock","10":"shipping-taxable","11":"purchasable","12":"product-type-simple"},"_links":{"self":[{"href":"https:\/\/www.sexshop.com.ar\/web\/wp-json\/wp\/v2\/product\/4688","targetHints":{"allow":["GET"]}}],"collection":[{"href":"https:\/\/www.sexshop.com.ar\/web\/wp-json\/wp\/v2\/product"}],"about":[{"href":"https:\/\/www.sexshop.com.ar\/web\/wp-json\/wp\/v2\/types\/product"}],"wp:featuredmedia":[{"embeddable":true,"href":"https:\/\/www.sexshop.com.ar\/web\/wp-json\/wp\/v2\/media\/4689"}],"wp:attachment":[{"href":"https:\/\/www.sexshop.com.ar\/web\/wp-json\/wp\/v2\/media?parent=4688"}],"wp:term":[{"taxonomy":"product_brand","embeddable":true,"href":"https:\/\/www.sexshop.com.ar\/web\/wp-json\/wp\/v2\/product_brand?post=4688"},{"taxonomy":"product_cat","embeddable":true,"href":"https:\/\/www.sexshop.com.ar\/web\/wp-json\/wp\/v2\/product_cat?post=4688"},{"taxonomy":"product_tag","embeddable":true,"href":"https:\/\/www.sexshop.com.ar\/web\/wp-json\/wp\/v2\/product_tag?post=4688"}],"curies":[{"name":"wp","href":"https:\/\/api.w.org\/{rel}","templated":true}]}}