{"id":4769,"date":"2021-02-20T20:04:22","date_gmt":"2021-02-20T23:04:22","guid":{"rendered":"https:\/\/www.sexshop.com.ar\/web\/?post_type=product&#038;p=4769"},"modified":"2026-04-18T16:33:37","modified_gmt":"2026-04-18T19:33:37","slug":"gel-lubricante-intimo-vegano","status":"publish","type":"product","link":"https:\/\/www.sexshop.com.ar\/web\/producto\/gel-lubricante-intimo-vegano\/","title":{"rendered":"Gel lubricante \u00edntimo Vegano"},"content":{"rendered":"<p>Gel lubricante \u00edntimo vegano con jojoba y cal\u00e9ndula.<\/p>\n<p>F\u00f3rmula desarrollada con componentes libres de parabenos y sin testeo en animales.<\/p>\n<p>Sumamos jojoba que tiene propiedades muy potentes para hidrataci\u00f3n y es antioxidante, adem\u00e1s de\u00a0 cal\u00e9ndula que es regenerativa.<\/p>\n<p>Tuvimos muchas consultas sobre esto&#8230; Todos nuestros productos son de origen vegetal pero este va al tope de la categor\u00eda.<\/p>\n<h3>Es el primer producto de cosm\u00e9tica \u00edntima en el mercado 100% vegano.<\/h3>\n","protected":false},"excerpt":{"rendered":"<h3>Beneficios:<\/h3>\n<ul>\n<li>Apto cel\u00edaco, Sin TACC<\/li>\n<li>Sin Parabenos<\/li>\n<li>Cruelty Free<\/li>\n<li>No mancha la ropa.<\/li>\n<li>Es hidrosoluble, compatible con el uso de preservativos<\/li>\n<\/ul>\n","protected":false},"featured_media":8038,"template":"","meta":{"_et_pb_use_builder":"","_et_pb_old_content":"","_et_gb_content_width":"","_joinchat":[]},"product_brand":[],"product_cat":[35,34],"product_tag":[],"class_list":{"0":"post-4769","1":"product","2":"type-product","3":"status-publish","4":"has-post-thumbnail","6":"product_cat-geles-y-lubricantes","7":"product_cat-inicio","9":"first","10":"instock","11":"shipping-taxable","12":"purchasable","13":"product-type-simple"},"_links":{"self":[{"href":"https:\/\/www.sexshop.com.ar\/web\/wp-json\/wp\/v2\/product\/4769","targetHints":{"allow":["GET"]}}],"collection":[{"href":"https:\/\/www.sexshop.com.ar\/web\/wp-json\/wp\/v2\/product"}],"about":[{"href":"https:\/\/www.sexshop.com.ar\/web\/wp-json\/wp\/v2\/types\/product"}],"wp:featuredmedia":[{"embeddable":true,"href":"https:\/\/www.sexshop.com.ar\/web\/wp-json\/wp\/v2\/media\/8038"}],"wp:attachment":[{"href":"https:\/\/www.sexshop.com.ar\/web\/wp-json\/wp\/v2\/media?parent=4769"}],"wp:term":[{"taxonomy":"product_brand","embeddable":true,"href":"https:\/\/www.sexshop.com.ar\/web\/wp-json\/wp\/v2\/product_brand?post=4769"},{"taxonomy":"product_cat","embeddable":true,"href":"https:\/\/www.sexshop.com.ar\/web\/wp-json\/wp\/v2\/product_cat?post=4769"},{"taxonomy":"product_tag","embeddable":true,"href":"https:\/\/www.sexshop.com.ar\/web\/wp-json\/wp\/v2\/product_tag?post=4769"}],"curies":[{"name":"wp","href":"https:\/\/api.w.org\/{rel}","templated":true}]}}