{"id":4868,"date":"2021-03-19T13:03:29","date_gmt":"2021-03-19T16:03:29","guid":{"rendered":"https:\/\/www.sexshop.com.ar\/web\/?post_type=product&#038;p=4868"},"modified":"2026-02-16T11:07:26","modified_gmt":"2026-02-16T14:07:26","slug":"anillo-vibrador-osito","status":"publish","type":"product","link":"https:\/\/www.sexshop.com.ar\/web\/producto\/anillo-vibrador-osito\/","title":{"rendered":"Anillo Vibrador OSITO"},"content":{"rendered":"<p><strong>C\u00f3digo HD118<\/strong><\/p>\n<p>Un juguete para ambos: el anillo sostiene firmemente la erecci\u00f3n y la prolonga por m\u00e1s tiempo, mientras que la bala vibradora, estimula el cl\u00edtoris durante la penetraci\u00f3n.<br \/>\nHa sido concebido para transmitir el m\u00e1ximo de sensaciones mientras practicas sexo con tu pareja.<br \/>\nUn novedoso sistema de vibraci\u00f3n alrededor del aro, proporciona el doble de placer tanto al hombre como a la mujer, estimulando al m\u00e1ximo la zona del pene y cl\u00edtoris durante el acto sexual.<br \/>\nGracias a su gran flexibilidad, se adapta a cualquier tama\u00f1o de pene. Dispone de un interruptor para encenderlo y apagarlo en cualquier momento.<\/p>\n","protected":false},"excerpt":{"rendered":"<p>Un juguete para ambos: el anillo sostiene firmemente la erecci\u00f3n y la prolonga por m\u00e1s tiempo, mientras que la bala vibradora, estimula el cl\u00edtoris durante la penetraci\u00f3n.<\/p>\n","protected":false},"featured_media":7306,"template":"","meta":{"_et_pb_use_builder":"","_et_pb_old_content":"","_et_gb_content_width":"","_joinchat":[]},"product_brand":[],"product_cat":[24,26,32,33,18],"product_tag":[],"class_list":{"0":"post-4868","1":"product","2":"type-product","3":"status-publish","4":"has-post-thumbnail","6":"product_cat-accesorios","7":"product_cat-anillos-peneanos","8":"product_cat-ellas","9":"product_cat-ellos","10":"product_cat-vibradores","12":"first","13":"instock","14":"sale","15":"shipping-taxable","16":"purchasable","17":"product-type-simple"},"_links":{"self":[{"href":"https:\/\/www.sexshop.com.ar\/web\/wp-json\/wp\/v2\/product\/4868","targetHints":{"allow":["GET"]}}],"collection":[{"href":"https:\/\/www.sexshop.com.ar\/web\/wp-json\/wp\/v2\/product"}],"about":[{"href":"https:\/\/www.sexshop.com.ar\/web\/wp-json\/wp\/v2\/types\/product"}],"wp:featuredmedia":[{"embeddable":true,"href":"https:\/\/www.sexshop.com.ar\/web\/wp-json\/wp\/v2\/media\/7306"}],"wp:attachment":[{"href":"https:\/\/www.sexshop.com.ar\/web\/wp-json\/wp\/v2\/media?parent=4868"}],"wp:term":[{"taxonomy":"product_brand","embeddable":true,"href":"https:\/\/www.sexshop.com.ar\/web\/wp-json\/wp\/v2\/product_brand?post=4868"},{"taxonomy":"product_cat","embeddable":true,"href":"https:\/\/www.sexshop.com.ar\/web\/wp-json\/wp\/v2\/product_cat?post=4868"},{"taxonomy":"product_tag","embeddable":true,"href":"https:\/\/www.sexshop.com.ar\/web\/wp-json\/wp\/v2\/product_tag?post=4868"}],"curies":[{"name":"wp","href":"https:\/\/api.w.org\/{rel}","templated":true}]}}