{"id":4953,"date":"2021-04-03T12:14:49","date_gmt":"2021-04-03T15:14:49","guid":{"rendered":"https:\/\/www.sexshop.com.ar\/web\/?post_type=product&#038;p=4953"},"modified":"2026-04-13T11:03:49","modified_gmt":"2026-04-13T14:03:49","slug":"vela-para-masajes-aroma-chocolate","status":"publish","type":"product","link":"https:\/\/www.sexshop.com.ar\/web\/producto\/vela-para-masajes-aroma-chocolate\/","title":{"rendered":"VELA PARA MASAJES AROMA CHOCOLATE"},"content":{"rendered":"<h2>Massage Candle \u2013 Chocolate<\/h2>\n<p>La vela se derrite convirti\u00e9ndose en un tibio aceite para masajes sedosos.Se encuentra elaborada con una rica combinaci\u00f3n de aceites naturales y vitaminas que suavizan\u00a0y nutren la piel.\u00a0Un blend de frutas tropicales en esta suave y sedosa vela para masajes.<\/p>\n<p>SexyTips: Encend\u00e9 la pasi\u00f3n!<\/p>\n<ul>\n<li>Encend\u00e9\u2026 Prende la vela y deja unos minutos para que se derrita el aceite.<\/li>\n<li><\/li>\n<li>Volv\u00e1\u2026 Aplic\u00e1 unas gotitas sobre tu cuerpo o el de tu pareja.<\/li>\n<li><\/li>\n<li>Masaje\u00e1\u2026 Dej\u00e1 volar la imaginaci\u00f3n y masaje\u00e1 sensualmente.<\/li>\n<\/ul>\n","protected":false},"excerpt":{"rendered":"<h4>SKU 10504<\/h4>\n<h4>PROB\u00c1 LA NUEVA MASSAGE CANDLE CON EXQUISITO AROMA A CHOCOLATE<\/h4>\n<h4>Velas para disfrutar perfectos masajes estimulantes.<\/h4>\n","protected":false},"featured_media":4954,"template":"","meta":{"_et_pb_use_builder":"","_et_pb_old_content":"","_et_gb_content_width":"","_joinchat":[]},"product_brand":[],"product_cat":[24,25,32,33,35],"product_tag":[],"class_list":{"0":"post-4953","1":"product","2":"type-product","3":"status-publish","4":"has-post-thumbnail","6":"product_cat-accesorios","7":"product_cat-afrodisiacos","8":"product_cat-ellas","9":"product_cat-ellos","10":"product_cat-geles-y-lubricantes","12":"first","13":"instock","14":"shipping-taxable","15":"purchasable","16":"product-type-simple"},"_links":{"self":[{"href":"https:\/\/www.sexshop.com.ar\/web\/wp-json\/wp\/v2\/product\/4953","targetHints":{"allow":["GET"]}}],"collection":[{"href":"https:\/\/www.sexshop.com.ar\/web\/wp-json\/wp\/v2\/product"}],"about":[{"href":"https:\/\/www.sexshop.com.ar\/web\/wp-json\/wp\/v2\/types\/product"}],"wp:featuredmedia":[{"embeddable":true,"href":"https:\/\/www.sexshop.com.ar\/web\/wp-json\/wp\/v2\/media\/4954"}],"wp:attachment":[{"href":"https:\/\/www.sexshop.com.ar\/web\/wp-json\/wp\/v2\/media?parent=4953"}],"wp:term":[{"taxonomy":"product_brand","embeddable":true,"href":"https:\/\/www.sexshop.com.ar\/web\/wp-json\/wp\/v2\/product_brand?post=4953"},{"taxonomy":"product_cat","embeddable":true,"href":"https:\/\/www.sexshop.com.ar\/web\/wp-json\/wp\/v2\/product_cat?post=4953"},{"taxonomy":"product_tag","embeddable":true,"href":"https:\/\/www.sexshop.com.ar\/web\/wp-json\/wp\/v2\/product_tag?post=4953"}],"curies":[{"name":"wp","href":"https:\/\/api.w.org\/{rel}","templated":true}]}}