{"id":5122,"date":"2021-05-14T18:49:38","date_gmt":"2021-05-14T21:49:38","guid":{"rendered":"https:\/\/www.sexshop.com.ar\/web\/?post_type=product&#038;p=5122"},"modified":"2024-12-02T11:11:03","modified_gmt":"2024-12-02T14:11:03","slug":"kit-de-3-anillos","status":"publish","type":"product","link":"https:\/\/www.sexshop.com.ar\/web\/producto\/kit-de-3-anillos\/","title":{"rendered":"Kit de 3 anillos"},"content":{"rendered":"<h3>Anillos s\u00faper el\u00e1sticos de silicona en gel y adaptables para colocarse en el pene, ayudando a mantener una erecci\u00f3n por m\u00e1s tiempo, as\u00ed mismo como permite retardar la eyaculaci\u00f3n, su exclusivo dise\u00f1o permite generar distintas sensaciones para quien recibe la estimulaci\u00f3n.<\/h3>\n<h3>Material el\u00e1stico para un ajuste perfecto ha sido dise\u00f1ado a prop\u00f3sito para garantizar el m\u00e1ximo placer.<\/h3>\n<ul>\n<li>\n<h3>Anillo para el pene<\/h3>\n<\/li>\n<li>\n<h3>Prolonga la erecci\u00f3n<\/h3>\n<\/li>\n<li>\n<h3>Flexible, resistente y adaptable.<\/h3>\n<\/li>\n<li>\n<h3>Seguro al cuerpo<\/h3>\n<\/li>\n<li>\n<h3>Libre de Ftalatos<\/h3>\n<\/li>\n<li>\n<h3>Impermeable<\/h3>\n<\/li>\n<\/ul>\n","protected":false},"excerpt":{"rendered":"<p>SKU A 4<\/p>\n<h3>Anillos s\u00faper el\u00e1sticos de silicona en gel y adaptables para colocarse en el pene.<\/h3>\n","protected":false},"featured_media":5126,"template":"","meta":{"_et_pb_use_builder":"","_et_pb_old_content":"","_et_gb_content_width":"","_joinchat":[]},"product_brand":[],"product_cat":[24,26,33],"product_tag":[],"class_list":{"0":"post-5122","1":"product","2":"type-product","3":"status-publish","4":"has-post-thumbnail","6":"product_cat-accesorios","7":"product_cat-anillos-peneanos","8":"product_cat-ellos","10":"first","11":"instock","12":"shipping-taxable","13":"purchasable","14":"product-type-simple"},"_links":{"self":[{"href":"https:\/\/www.sexshop.com.ar\/web\/wp-json\/wp\/v2\/product\/5122","targetHints":{"allow":["GET"]}}],"collection":[{"href":"https:\/\/www.sexshop.com.ar\/web\/wp-json\/wp\/v2\/product"}],"about":[{"href":"https:\/\/www.sexshop.com.ar\/web\/wp-json\/wp\/v2\/types\/product"}],"wp:featuredmedia":[{"embeddable":true,"href":"https:\/\/www.sexshop.com.ar\/web\/wp-json\/wp\/v2\/media\/5126"}],"wp:attachment":[{"href":"https:\/\/www.sexshop.com.ar\/web\/wp-json\/wp\/v2\/media?parent=5122"}],"wp:term":[{"taxonomy":"product_brand","embeddable":true,"href":"https:\/\/www.sexshop.com.ar\/web\/wp-json\/wp\/v2\/product_brand?post=5122"},{"taxonomy":"product_cat","embeddable":true,"href":"https:\/\/www.sexshop.com.ar\/web\/wp-json\/wp\/v2\/product_cat?post=5122"},{"taxonomy":"product_tag","embeddable":true,"href":"https:\/\/www.sexshop.com.ar\/web\/wp-json\/wp\/v2\/product_tag?post=5122"}],"curies":[{"name":"wp","href":"https:\/\/api.w.org\/{rel}","templated":true}]}}