{"id":5323,"date":"2021-06-28T15:18:19","date_gmt":"2021-06-28T18:18:19","guid":{"rendered":"https:\/\/www.sexshop.com.ar\/web\/?post_type=product&#038;p=5323"},"modified":"2025-02-03T12:01:33","modified_gmt":"2025-02-03T15:01:33","slug":"plug-anal-ripley-xxl","status":"publish","type":"product","link":"https:\/\/www.sexshop.com.ar\/web\/producto\/plug-anal-ripley-xxl\/","title":{"rendered":"PLUG ANAL RIPLEY XXL"},"content":{"rendered":"<h3><em><strong>Plug Ripley Negro.\u00a0<\/strong><strong>\u00a0Su forma escalonada facilita la inserci\u00f3n y la dilataci\u00f3n progresiva, y su base ancha sirve como tope de seguridad para usarse sin temor de inserci\u00f3n total.<br \/>\nSu medida es de 17 cm, insertable 15 cm x 5,5 cm de di\u00e1metro. Se recomienda el uso de lubricante anal al agua para facilitar la inserci\u00f3n y alcanzar niveles de satisfacci\u00f3n supremos.<\/strong><\/em><\/h3>\n","protected":false},"excerpt":{"rendered":"<p>SKU\u00a000-170-22<\/p>\n<h3><span style=\"color: #000000\">Plug dise\u00f1ado para la penetraci\u00f3n anal.<\/span><\/h3>\n","protected":false},"featured_media":5324,"template":"","meta":{"_et_pb_use_builder":"","_et_pb_old_content":"","_et_gb_content_width":"","_joinchat":[]},"product_brand":[],"product_cat":[28,29],"product_tag":[],"class_list":{"0":"post-5323","1":"product","2":"type-product","3":"status-publish","4":"has-post-thumbnail","6":"product_cat-consoladores-anales","7":"product_cat-consoladores-y-dildos","9":"first","10":"instock","11":"shipping-taxable","12":"purchasable","13":"product-type-simple"},"_links":{"self":[{"href":"https:\/\/www.sexshop.com.ar\/web\/wp-json\/wp\/v2\/product\/5323","targetHints":{"allow":["GET"]}}],"collection":[{"href":"https:\/\/www.sexshop.com.ar\/web\/wp-json\/wp\/v2\/product"}],"about":[{"href":"https:\/\/www.sexshop.com.ar\/web\/wp-json\/wp\/v2\/types\/product"}],"wp:featuredmedia":[{"embeddable":true,"href":"https:\/\/www.sexshop.com.ar\/web\/wp-json\/wp\/v2\/media\/5324"}],"wp:attachment":[{"href":"https:\/\/www.sexshop.com.ar\/web\/wp-json\/wp\/v2\/media?parent=5323"}],"wp:term":[{"taxonomy":"product_brand","embeddable":true,"href":"https:\/\/www.sexshop.com.ar\/web\/wp-json\/wp\/v2\/product_brand?post=5323"},{"taxonomy":"product_cat","embeddable":true,"href":"https:\/\/www.sexshop.com.ar\/web\/wp-json\/wp\/v2\/product_cat?post=5323"},{"taxonomy":"product_tag","embeddable":true,"href":"https:\/\/www.sexshop.com.ar\/web\/wp-json\/wp\/v2\/product_tag?post=5323"}],"curies":[{"name":"wp","href":"https:\/\/api.w.org\/{rel}","templated":true}]}}