{"id":551,"date":"2018-05-10T11:33:29","date_gmt":"2018-05-10T14:33:29","guid":{"rendered":"https:\/\/www.sexshop.com.ar\/web\/?post_type=product&#038;p=551"},"modified":"2025-01-27T11:04:18","modified_gmt":"2025-01-27T14:04:18","slug":"anal-pene","status":"publish","type":"product","link":"https:\/\/www.sexshop.com.ar\/web\/producto\/anal-pene\/","title":{"rendered":"ANAL PENE ROJO"},"content":{"rendered":"<p>Muy peque\u00f1o, muy suave, muy flexible, muy juguet\u00f3n. A veces el tama\u00f1o no importa sobre todo si deseas una penetraci\u00f3n suave y delicada.(Mide: 15 x 2,5 cent\u00edmetros).<\/p>\n","protected":false},"excerpt":{"rendered":"<p>Muy peque\u00f1o, muy suave, muy flexible, muy juguet\u00f3n. A veces el tama\u00f1o no importa sobre todo si deseas una penetraci\u00f3n suave y delicada. Este juguetito te va a poner a 100 y si lo deseas a m\u00e1s. (Mide: 15 x 2,5 cent\u00edmetros).<\/p>\n","protected":false},"featured_media":0,"template":"","meta":{"_et_pb_use_builder":"","_et_pb_old_content":"","_et_gb_content_width":"","_joinchat":[]},"product_brand":[],"product_cat":[28],"product_tag":[],"class_list":{"0":"post-551","1":"product","2":"type-product","3":"status-publish","5":"product_cat-consoladores-anales","7":"first","8":"instock","9":"shipping-taxable","10":"purchasable","11":"product-type-simple"},"_links":{"self":[{"href":"https:\/\/www.sexshop.com.ar\/web\/wp-json\/wp\/v2\/product\/551","targetHints":{"allow":["GET"]}}],"collection":[{"href":"https:\/\/www.sexshop.com.ar\/web\/wp-json\/wp\/v2\/product"}],"about":[{"href":"https:\/\/www.sexshop.com.ar\/web\/wp-json\/wp\/v2\/types\/product"}],"wp:attachment":[{"href":"https:\/\/www.sexshop.com.ar\/web\/wp-json\/wp\/v2\/media?parent=551"}],"wp:term":[{"taxonomy":"product_brand","embeddable":true,"href":"https:\/\/www.sexshop.com.ar\/web\/wp-json\/wp\/v2\/product_brand?post=551"},{"taxonomy":"product_cat","embeddable":true,"href":"https:\/\/www.sexshop.com.ar\/web\/wp-json\/wp\/v2\/product_cat?post=551"},{"taxonomy":"product_tag","embeddable":true,"href":"https:\/\/www.sexshop.com.ar\/web\/wp-json\/wp\/v2\/product_tag?post=551"}],"curies":[{"name":"wp","href":"https:\/\/api.w.org\/{rel}","templated":true}]}}