{"id":6410,"date":"2024-02-19T18:59:43","date_gmt":"2024-02-19T21:59:43","guid":{"rendered":"https:\/\/www.sexshop.com.ar\/web\/?post_type=product&#038;p=6410"},"modified":"2025-02-03T11:38:18","modified_gmt":"2025-02-03T14:38:18","slug":"silicone-fantasy-double-prober","status":"publish","type":"product","link":"https:\/\/www.sexshop.com.ar\/web\/producto\/silicone-fantasy-double-prober\/","title":{"rendered":"Silicone Fantasy Double Prober"},"content":{"rendered":"<p><strong>Caracter\u00edsticas:<\/strong><\/p>\n<ul>\n<li>Consolador realista para doble penetraci\u00f3n<\/li>\n<li>Anillo para pene y test\u00edculo para sujetaci\u00f3n<\/li>\n<li>Suave, flexible para una mejor y m\u00e1s duradera erecci\u00f3n<\/li>\n<li>Cuerpo texturado con venas y glande.<\/li>\n<li>Anillos suaves y estirables para calzar a la mayor\u00eda de los hombres.<\/li>\n<li>Ideal para estrenamiento anal.<\/li>\n<li>Material: Silicona suave.<\/li>\n<li>Seguro al cuerpo<\/li>\n<li>Libre de Ftalatos<\/li>\n<li>Peso: 115 gr.<\/li>\n<\/ul>\n<p><strong>Medidas:<\/strong>\u00a015 cm x 3 cm<\/p>\n","protected":false},"excerpt":{"rendered":"<p><strong>LOVETOY SILICONE FANTASY DOUBLE PROBER<\/strong><\/p>\n<p>Experiment\u00e1\u00a0una mayor excitaci\u00f3n y una erecci\u00f3n m\u00e1s fuerte con este arn\u00e9s de silicona alrededor de tu pene y test\u00edculos. Disfrut\u00e1\u00a0de una presi\u00f3n suave en la base del pene mientras brind\u00e1s\u00a0una doble penetraci\u00f3n con el consolador\u00a0realista.\u00a0La inserci\u00f3n es f\u00e1cil y placentera gracias a su dise\u00f1o firme y realista. Su punta c\u00f3nica y realista grad\u00faa su satisfacci\u00f3n y un eje veteado ligeramente curvado agrega una textura sutil para enviar sensaciones de cosquilleo anal\u00a0para tu amante.\u00a0Aplica una cantidad generosa de lubricante a base de agua en tu pene y bolas y estire el peque\u00f1o anillo de amor sobre su erecci\u00f3n. Desl\u00edcelo hacia la base de su pene para encontrar una posici\u00f3n c\u00f3moda y apretada para lograr una erecci\u00f3n m\u00e1s dura y fuerte. Para mayor constricci\u00f3n y estabilidad, estire el segundo anillo sobre su escroto.<\/p>\n","protected":false},"featured_media":7344,"template":"","meta":{"_et_pb_use_builder":"","_et_pb_old_content":"","_et_gb_content_width":"","_joinchat":[]},"product_brand":[],"product_cat":[24,28,33],"product_tag":[],"class_list":{"0":"post-6410","1":"product","2":"type-product","3":"status-publish","4":"has-post-thumbnail","6":"product_cat-accesorios","7":"product_cat-consoladores-anales","8":"product_cat-ellos","10":"first","11":"instock","12":"shipping-taxable","13":"purchasable","14":"product-type-simple"},"_links":{"self":[{"href":"https:\/\/www.sexshop.com.ar\/web\/wp-json\/wp\/v2\/product\/6410","targetHints":{"allow":["GET"]}}],"collection":[{"href":"https:\/\/www.sexshop.com.ar\/web\/wp-json\/wp\/v2\/product"}],"about":[{"href":"https:\/\/www.sexshop.com.ar\/web\/wp-json\/wp\/v2\/types\/product"}],"wp:featuredmedia":[{"embeddable":true,"href":"https:\/\/www.sexshop.com.ar\/web\/wp-json\/wp\/v2\/media\/7344"}],"wp:attachment":[{"href":"https:\/\/www.sexshop.com.ar\/web\/wp-json\/wp\/v2\/media?parent=6410"}],"wp:term":[{"taxonomy":"product_brand","embeddable":true,"href":"https:\/\/www.sexshop.com.ar\/web\/wp-json\/wp\/v2\/product_brand?post=6410"},{"taxonomy":"product_cat","embeddable":true,"href":"https:\/\/www.sexshop.com.ar\/web\/wp-json\/wp\/v2\/product_cat?post=6410"},{"taxonomy":"product_tag","embeddable":true,"href":"https:\/\/www.sexshop.com.ar\/web\/wp-json\/wp\/v2\/product_tag?post=6410"}],"curies":[{"name":"wp","href":"https:\/\/api.w.org\/{rel}","templated":true}]}}