{"id":6455,"date":"2024-02-19T19:48:46","date_gmt":"2024-02-19T22:48:46","guid":{"rendered":"https:\/\/www.sexshop.com.ar\/web\/?post_type=product&#038;p=6455"},"modified":"2025-08-04T12:40:17","modified_gmt":"2025-08-04T15:40:17","slug":"the-ultra-soft-bead-6-5","status":"publish","type":"product","link":"https:\/\/www.sexshop.com.ar\/web\/producto\/the-ultra-soft-bead-6-5\/","title":{"rendered":"The Ultra Soft Bead 6.5\u00bb"},"content":{"rendered":"<p><strong>Caracter\u00edsticas:<\/strong><\/p>\n<ul>\n<li>Consolador\u00a0para doble penetraci\u00f3n<\/li>\n<li>Anillo para pene y test\u00edculo para sujetaci\u00f3n<\/li>\n<li>Bala vibradora de 10 velocidades<\/li>\n<li>Suave, flexible para una mejor y m\u00e1s duradera erecci\u00f3n<\/li>\n<li>Cuerpo texturado con protuberancias (beads).<\/li>\n<li>Anillo suave y estirable para calzar a la mayor\u00eda de los hombres.<\/li>\n<li>Ideal para estrenamiento anal.<\/li>\n<li>Material: TPE suave.<\/li>\n<li>3 Pilas LR41 (No incluidas)<\/li>\n<li>Seguro al cuerpo<\/li>\n<li>Libre de Ftalatos<\/li>\n<li>Peso: 123 gr.<\/li>\n<\/ul>\n<p><strong>Medidas<\/strong>\u00a016,5 cm x 2,9 cm<\/p>\n","protected":false},"excerpt":{"rendered":"<p><strong>LOVETOY THE ULTRA SOFT BEAD 6.5&#8243;<\/strong><\/p>\n<p>Duplic\u00e1\u00a0su placer con este consolador anal vibrador realista con correa.\u00a0Asegura\u00a0el\u00a0anillo para\u00a0el pene y los test\u00edculos para un impulso instant\u00e1neo de su erecci\u00f3n, luego insert\u00e1 el consolador\u00a0hacia su ano poniendo toda tu atenci\u00f3n\u00a0en su otro punto dulce.\u00a0Hecho de TPE suave y flexible, con una bala vibradora de 10 velocidades en la base que es perfecta para el\u00a0 entrenamiento anal y juego de doble penetraci\u00f3n.\u00a0Asegurate\u00a0cubrir el eje con tu\u00a0lubricante anal favorito para obtener el m\u00e1ximo placer y comodidad.<\/p>\n","protected":false},"featured_media":6457,"template":"","meta":{"_et_pb_use_builder":"","_et_pb_old_content":"","_et_gb_content_width":"","_joinchat":[]},"product_brand":[],"product_cat":[24,28,33],"product_tag":[],"class_list":{"0":"post-6455","1":"product","2":"type-product","3":"status-publish","4":"has-post-thumbnail","6":"product_cat-accesorios","7":"product_cat-consoladores-anales","8":"product_cat-ellos","10":"first","11":"instock","12":"shipping-taxable","13":"purchasable","14":"product-type-simple"},"_links":{"self":[{"href":"https:\/\/www.sexshop.com.ar\/web\/wp-json\/wp\/v2\/product\/6455","targetHints":{"allow":["GET"]}}],"collection":[{"href":"https:\/\/www.sexshop.com.ar\/web\/wp-json\/wp\/v2\/product"}],"about":[{"href":"https:\/\/www.sexshop.com.ar\/web\/wp-json\/wp\/v2\/types\/product"}],"wp:featuredmedia":[{"embeddable":true,"href":"https:\/\/www.sexshop.com.ar\/web\/wp-json\/wp\/v2\/media\/6457"}],"wp:attachment":[{"href":"https:\/\/www.sexshop.com.ar\/web\/wp-json\/wp\/v2\/media?parent=6455"}],"wp:term":[{"taxonomy":"product_brand","embeddable":true,"href":"https:\/\/www.sexshop.com.ar\/web\/wp-json\/wp\/v2\/product_brand?post=6455"},{"taxonomy":"product_cat","embeddable":true,"href":"https:\/\/www.sexshop.com.ar\/web\/wp-json\/wp\/v2\/product_cat?post=6455"},{"taxonomy":"product_tag","embeddable":true,"href":"https:\/\/www.sexshop.com.ar\/web\/wp-json\/wp\/v2\/product_tag?post=6455"}],"curies":[{"name":"wp","href":"https:\/\/api.w.org\/{rel}","templated":true}]}}