{"id":6502,"date":"2024-02-26T18:39:23","date_gmt":"2024-02-26T21:39:23","guid":{"rendered":"https:\/\/www.sexshop.com.ar\/web\/?post_type=product&#038;p=6502"},"modified":"2026-02-16T12:30:52","modified_gmt":"2026-02-16T15:30:52","slug":"ultra-female-harness","status":"publish","type":"product","link":"https:\/\/www.sexshop.com.ar\/web\/producto\/ultra-female-harness\/","title":{"rendered":"Ultra Female Harness"},"content":{"rendered":"<p><strong>Caracter\u00edsticas:<\/strong><\/p>\n<ul>\n<li>Arn\u00e9s ajustable<\/li>\n<li>Doble penetraci\u00f3n<\/li>\n<li>2 Consoladores macizos, muy suaves.<\/li>\n<li>Penetraci\u00f3n y estimulaci\u00f3n vaginal<\/li>\n<li>Estimulaci\u00f3n del punto G<\/li>\n<li>Color: Violeta<\/li>\n<li>Material: TPR \/ ABS \/ Goma<\/li>\n<li>Seguro al cuerpo<\/li>\n<li>Libre de Ftalatos<\/li>\n<\/ul>\n<p><strong>Medidas:<\/strong><\/p>\n<ul>\n<li>Dildo exterior: 18 cm x 4 cm<\/li>\n<li>Dildo interior: 12,5 cm x 2,5 cm<\/li>\n<\/ul>\n<p>Dise\u00f1ado en EEUU con las m\u00e1s estrictas normas de calidad.<\/p>\n<p><em>Alcanz\u00e1 el mejor orgasmo \u00a1Disfrutalo!<\/em><\/p>\n","protected":false},"excerpt":{"rendered":"<p>SKU BW-022021<\/p>\n<p><strong>ULTRA FEMALE HARNESS DOUBLE PENETRATION<\/strong><\/p>\n<p>Eleva la penetraci\u00f3n al siguiente nivel con este arn\u00e9s de doble penetraci\u00f3n. Este arn\u00e9s, adem\u00e1s de tener el dildo delantero, cuenta con un dildo interno para que no solo lo disfrute la persona que lo utiliza. Gracias a su forma curvado es especial para la estimulaci\u00f3n del punto G.<\/p>\n","protected":false},"featured_media":6506,"template":"","meta":{"_et_pb_use_builder":"","_et_pb_old_content":"","_et_gb_content_width":"","_joinchat":[]},"product_brand":[],"product_cat":[24,32,44],"product_tag":[],"class_list":{"0":"post-6502","1":"product","2":"type-product","3":"status-publish","4":"has-post-thumbnail","6":"product_cat-accesorios","7":"product_cat-ellas","8":"product_cat-protesis","10":"first","11":"instock","12":"sale","13":"shipping-taxable","14":"purchasable","15":"product-type-simple"},"_links":{"self":[{"href":"https:\/\/www.sexshop.com.ar\/web\/wp-json\/wp\/v2\/product\/6502","targetHints":{"allow":["GET"]}}],"collection":[{"href":"https:\/\/www.sexshop.com.ar\/web\/wp-json\/wp\/v2\/product"}],"about":[{"href":"https:\/\/www.sexshop.com.ar\/web\/wp-json\/wp\/v2\/types\/product"}],"wp:featuredmedia":[{"embeddable":true,"href":"https:\/\/www.sexshop.com.ar\/web\/wp-json\/wp\/v2\/media\/6506"}],"wp:attachment":[{"href":"https:\/\/www.sexshop.com.ar\/web\/wp-json\/wp\/v2\/media?parent=6502"}],"wp:term":[{"taxonomy":"product_brand","embeddable":true,"href":"https:\/\/www.sexshop.com.ar\/web\/wp-json\/wp\/v2\/product_brand?post=6502"},{"taxonomy":"product_cat","embeddable":true,"href":"https:\/\/www.sexshop.com.ar\/web\/wp-json\/wp\/v2\/product_cat?post=6502"},{"taxonomy":"product_tag","embeddable":true,"href":"https:\/\/www.sexshop.com.ar\/web\/wp-json\/wp\/v2\/product_tag?post=6502"}],"curies":[{"name":"wp","href":"https:\/\/api.w.org\/{rel}","templated":true}]}}