{"id":6551,"date":"2024-02-26T19:32:31","date_gmt":"2024-02-26T22:32:31","guid":{"rendered":"https:\/\/www.sexshop.com.ar\/web\/?post_type=product&#038;p=6551"},"modified":"2024-12-02T11:37:33","modified_gmt":"2024-12-02T14:37:33","slug":"vibrador-lengua-succionador-little-duck-usb","status":"publish","type":"product","link":"https:\/\/www.sexshop.com.ar\/web\/producto\/vibrador-lengua-succionador-little-duck-usb\/","title":{"rendered":"Vibrador Lengua Succionador- Little Duck -USB"},"content":{"rendered":"<p><strong>Caracter\u00edsticas:<\/strong><\/p>\n<p><strong>COLOR:<\/strong>\u00a0ROSA Y AMARILLO<\/p>\n<p><strong>USB:<\/strong>\u00a0CARGA MAGN\u00c9TICA<\/p>\n<p>Especificaciones:<\/p>\n<ul>\n<li>Marca:S-HANDE<\/li>\n<li>Pilas:\u00a00 x Recargables<\/li>\n<li>Materiales:\u00a0ABS \u00a0\u00a0\u00a0Silicona<\/li>\n<\/ul>\n","protected":false},"excerpt":{"rendered":"<p><strong>LITTLE DUCK<\/strong><br \/>\n<em>DOS EN UNO! LENGUA Y SUCCI\u00d3N\u00a0<\/em><\/p>\n<p><em>Un peque\u00f1o estimulador de lengua y succi\u00f3n con el que podr\u00e1s jugar por todo tu cuerpo estremeciendo tus puntos m\u00e1s sensibles de la forma que prefieras.<\/p>\n<p>Llegar a orgasmos bien profundos con Little Duck!\u00a0<\/em><\/p>\n","protected":false},"featured_media":6555,"template":"","meta":{"_et_pb_use_builder":"","_et_pb_old_content":"","_et_gb_content_width":"","_joinchat":[]},"product_brand":[],"product_cat":[32,18],"product_tag":[],"class_list":{"0":"post-6551","1":"product","2":"type-product","3":"status-publish","4":"has-post-thumbnail","6":"product_cat-ellas","7":"product_cat-vibradores","9":"first","10":"instock","11":"sale","12":"shipping-taxable","13":"purchasable","14":"product-type-simple"},"_links":{"self":[{"href":"https:\/\/www.sexshop.com.ar\/web\/wp-json\/wp\/v2\/product\/6551","targetHints":{"allow":["GET"]}}],"collection":[{"href":"https:\/\/www.sexshop.com.ar\/web\/wp-json\/wp\/v2\/product"}],"about":[{"href":"https:\/\/www.sexshop.com.ar\/web\/wp-json\/wp\/v2\/types\/product"}],"wp:featuredmedia":[{"embeddable":true,"href":"https:\/\/www.sexshop.com.ar\/web\/wp-json\/wp\/v2\/media\/6555"}],"wp:attachment":[{"href":"https:\/\/www.sexshop.com.ar\/web\/wp-json\/wp\/v2\/media?parent=6551"}],"wp:term":[{"taxonomy":"product_brand","embeddable":true,"href":"https:\/\/www.sexshop.com.ar\/web\/wp-json\/wp\/v2\/product_brand?post=6551"},{"taxonomy":"product_cat","embeddable":true,"href":"https:\/\/www.sexshop.com.ar\/web\/wp-json\/wp\/v2\/product_cat?post=6551"},{"taxonomy":"product_tag","embeddable":true,"href":"https:\/\/www.sexshop.com.ar\/web\/wp-json\/wp\/v2\/product_tag?post=6551"}],"curies":[{"name":"wp","href":"https:\/\/api.w.org\/{rel}","templated":true}]}}