{"id":7194,"date":"2024-10-28T19:03:14","date_gmt":"2024-10-28T22:03:14","guid":{"rendered":"https:\/\/www.sexshop.com.ar\/web\/?post_type=product&#038;p=7194"},"modified":"2024-12-02T11:19:15","modified_gmt":"2024-12-02T14:19:15","slug":"set-de-4-anillos-potenciadores-retardantes","status":"publish","type":"product","link":"https:\/\/www.sexshop.com.ar\/web\/producto\/set-de-4-anillos-potenciadores-retardantes\/","title":{"rendered":"SET DE 4 ANILLOS POTENCIADORES RETARDANTES"},"content":{"rendered":"<p>Diametro Interior:<br \/>\n26 mm.<br \/>\n29 mm.<br \/>\n32 mm.<br \/>\n35 mm.<br \/>\nPresentaci\u00f3n: en bolsa.<\/p>\n","protected":false},"excerpt":{"rendered":"<div id=\"main-product-wrapper\" class=\"product-container js-product-container\">\n<div class=\"tabs product-tabs\">\n<div id=\"product-infos-tabs-content\" class=\"tab-content\">\n<div id=\"description\" class=\"tab-pane in active\">\n<div class=\"product-description\">\n<div class=\"rte-content\">Caracter\u00edsticas:<br \/>\n&#8211; F\u00e1cil de aplicar y quitar.<br \/>\n&#8211; La presi\u00f3n proporciona una erecci\u00f3n m\u00e1s fuerte y m\u00e1s duradera.<br \/>\n&#8211; Los anillos se pueden usar con preservativo o solos.<br \/>\n&#8211; Mejora la calidad sexual: ayuda a mantener una erecci\u00f3n y dando permanencia e intensifica el orgasmo brindando una experiencia sexual m\u00e1s satisfactoria para ambos.<\/div>\n<\/div>\n<\/div>\n<div id=\"product-details-tab\" class=\"tab-pane \">\n<div id=\"product-details\" class=\"clearfix js-product-details\" style=\"box-sizing: border-box;\" data-product=\"{&quot;id_shop_default&quot;:&quot;1&quot;,&quot;id_manufacturer&quot;:&quot;19&quot;,&quot;id_supplier&quot;:&quot;0&quot;,&quot;reference&quot;:&quot;CHIAN12&quot;,&quot;is_virtual&quot;:&quot;0&quot;,&quot;delivery_in_stock&quot;:&quot;&quot;,&quot;delivery_out_stock&quot;:&quot;&quot;,&quot;id_category_default&quot;:&quot;3&quot;,&quot;on_sale&quot;:&quot;0&quot;,&quot;online_only&quot;:&quot;0&quot;,&quot;ecotax&quot;:0,&quot;minimal_quantity&quot;:&quot;1&quot;,&quot;low_stock_threshold&quot;:null,&quot;low_stock_alert&quot;:&quot;0&quot;,&quot;price&quot;:&quot;$\\u00a06.578,00&quot;,&quot;unity&quot;:&quot;&quot;,&quot;unit_price_ratio&quot;:&quot;0.000000&quot;,&quot;additional_shipping_cost&quot;:&quot;0.000000&quot;,&quot;customizable&quot;:&quot;0&quot;,&quot;text_fields&quot;:&quot;0&quot;,&quot;uploadable_files&quot;:&quot;0&quot;,&quot;redirect_type&quot;:&quot;&quot;,&quot;id_type_redirected&quot;:&quot;0&quot;,&quot;available_for_order&quot;:&quot;1&quot;,&quot;available_date&quot;:&quot;0000-00-00&quot;,&quot;show_condition&quot;:&quot;0&quot;,&quot;condition&quot;:&quot;new&quot;,&quot;show_price&quot;:&quot;1&quot;,&quot;indexed&quot;:&quot;1&quot;,&quot;visibility&quot;:&quot;both&quot;,&quot;cache_default_attribute&quot;:&quot;0&quot;,&quot;advanced_stock_management&quot;:&quot;0&quot;,&quot;date_add&quot;:&quot;2024-01-22 15:02:12&quot;,&quot;date_upd&quot;:&quot;2024-10-28 18:37:12&quot;,&quot;pack_stock_type&quot;:&quot;3&quot;,&quot;meta_description&quot;:&quot;SET DE 4 ANILLOS POTENCIADORES RETARDANTES&quot;,&quot;meta_keywords&quot;:&quot;SET DE 4 ANILLOS POTENCIADORES RETARDANTES&quot;,&quot;meta_title&quot;:&quot;SET DE 4 ANILLOS POTENCIADORES RETARDANTES&quot;,&quot;link_rewrite&quot;:&quot;set-de-4-anillos-potenciadores-retardantes&quot;,&quot;name&quot;:&quot;SET DE 4 ANILLOS POTENCIADORES RETARDANTES&quot;,&quot;description&quot;:&quot;Caracter\\u00edsticas:&lt;br \\\/&gt;\\n- F\\u00e1cil de aplicar y quitar.&lt;br \\\/&gt;\\n- La presi\\u00f3n proporciona una erecci\\u00f3n m\\u00e1s fuerte y m\\u00e1s duradera.&lt;br \\\/&gt;\\n- Los anillos se pueden usar con preservativo o solos.&lt;br \\\/&gt;\\n- Mejora la calidad sexual: ayuda a mantener una erecci\\u00f3n y dando permanencia e intensifica el orgasmo brindando una experiencia sexual m\\u00e1s satisfactoria para ambos.&lt;br \\\/&gt;&quot;,&quot;description_short&quot;:&quot;Diametro Interior:&lt;br \\\/&gt;\\n26 mm.&lt;br \\\/&gt;\\n29 mm.&lt;br \\\/&gt;\\n32 mm.&lt;br \\\/&gt;\\n35 mm.&lt;br \\\/&gt;\\nPresentaci\\u00f3n: en bolsa.&quot;,&quot;available_now&quot;:&quot;&quot;,&quot;available_later&quot;:&quot;&quot;,&quot;id&quot;:8590,&quot;id_product&quot;:8590,&quot;out_of_stock&quot;:2,&quot;new&quot;:0,&quot;id_product_attribute&quot;:&quot;0&quot;,&quot;quantity_wanted&quot;:1,&quot;extraContent&quot;:[{&quot;title&quot;:&quot;&lt;span class=\\&quot;iqitreviews-title float-left\\&quot;&gt;Reviews&lt;\\\/span&gt; &lt;span class=\\&quot;iqitreviews-nb\\&quot;&gt;(0)&lt;\\\/span&gt;&quot;,&quot;content&quot;:&quot;\\n&lt;div id=\\&quot;iqit-reviews\\&quot; class=\\&quot;mt-3\\&quot;&gt;\\n\\n &lt;div id=\\&quot;iqit-reviews-top\\&quot;&gt;\\n &lt;div class=\\&quot;row justify-content-between align-items-center\\&quot;&gt;\\n\\n &lt;div class=\\&quot;col mb-3\\&quot;&gt;\\n &lt;div id=\\&quot;iqitreviews-snippet\\&quot;&gt;No reviews&lt;\\\/div&gt;\\n &lt;\\\/div&gt;\\n\\n &lt;div class=\\&quot;col col-auto mb-3\\&quot;&gt;\\n &lt;button type=\\&quot;button\\&quot; class=\\&quot;btn btn-primary \\&quot; data-toggle=\\&quot;modal\\&quot;\\n data-target=\\&quot;#iqit-reviews-modal\\&quot;&gt;\\n &lt;i class=\\&quot;fa fa-pencil-square-o\\&quot;\\n aria-hidden=\\&quot;true\\&quot;&gt;&lt;\\\/i&gt; Write review\\n &lt;\\\/button&gt;\\n &lt;\\\/div&gt;\\n \\n &lt;\\\/div&gt; &lt;!-- \\\/ .row --&gt;\\n&lt;\\\/div&gt;&lt;!-- \\\/ #iqit-reviews-top --&gt;\\n\\n\\n&lt;div class=\\&quot;col-xs-12 alert alert-success hidden-xs-up\\&quot;\\n id=\\&quot;iqitreviews-productreview-form-success-alert\\&quot;&gt;\\n&lt;\\\/div&gt;\\n\\n\\n\\n&lt;\\\/div&gt;\\n\\n &lt;div class=\\&quot;modal fade\\&quot; id=\\&quot;iqit-reviews-modal\\&quot;&gt;\\n &lt;div class=\\&quot;modal-dialog\\&quot; role=\\&quot;document\\&quot;&gt;\\n &lt;div class=\\&quot;modal-content\\&quot;&gt;\\n &lt;form action=\\&quot;\\\/\\\/www.sextoymayorista.com.ar\\\/module\\\/iqitreviews\\\/actions?process=addProductReview&amp;ajax=1\\&quot;\\n method=\\&quot;post\\&quot; id=\\&quot;iqitreviews-productreview-form\\&quot;&gt;\\n &lt;div class=\\&quot;modal-header\\&quot;&gt;\\n &lt;span class=\\&quot;modal-title\\&quot;&gt;Write a review&lt;\\\/span&gt;\\n &lt;button type=\\&quot;button\\&quot; class=\\&quot;close\\&quot; data-dismiss=\\&quot;modal\\&quot; aria-label=\\&quot;Close\\&quot;&gt;\\n &lt;span aria-hidden=\\&quot;true\\&quot;&gt;&amp;times;&lt;\\\/span&gt;\\n &lt;\\\/button&gt;\\n &lt;\\\/div&gt;\\n &lt;div class=\\&quot;modal-body\\&quot;&gt;\\n\\n &lt;div class=\\&quot;col-xs-12 alert alert-success alert-warning hidden-xs-up\\&quot;\\n id=\\&quot;iqitreviews-productreview-form-alert\\&quot;&gt;\\n &lt;\\\/div&gt;\\n\\n\\n &lt;div class=\\&quot;form-fields\\&quot; id=\\&quot;iqitreviews-productreview-fields\\&quot;&gt;\\n\\n &lt;input type=\\&quot;hidden\\&quot; name=\\&quot;iqitreviews_id_product\\&quot; id=\\&quot;iqitreviews_id_product\\&quot;\\n value=\\&quot;8590\\&quot;\\\/&gt;\\n\\n \\n &lt;div class=\\&quot;form-group row\\&quot;&gt;\\n &lt;label class=\\&quot;col-md-3 form-control-label\\&quot;&gt;Title&lt;\\\/label&gt;\\n &lt;div class=\\&quot;col-md-6\\&quot;&gt;\\n &lt;input type=\\&quot;text\\&quot; class=\\&quot;form-control\\&quot; name=\\&quot;iqitreviews_title\\&quot;\\n id=\\&quot;iqitreviews_title\\&quot; value=\\&quot;\\&quot;\\n placeholder=\\&quot;Ex. Very good\\&quot;\\\/&gt;\\n &lt;\\\/div&gt;\\n &lt;\\\/div&gt;\\n\\n &lt;div class=\\&quot;form-group row\\&quot;&gt;\\n &lt;label class=\\&quot;col-md-3 form-control-label\\&quot;&gt;Rating&lt;\\\/label&gt;\\n &lt;div class=\\&quot;col-md-6\\&quot;&gt;\\n &lt;input class=\\&quot;rating \\&quot; data-max=\\&quot;5\\&quot; data-min=\\&quot;1\\&quot; data-empty-value=\\&quot;0\\&quot;\\n value=\\&quot;5\\&quot;\\n id=\\&quot;iqitreviews_rating\\&quot; name=\\&quot;iqitreviews_rating\\&quot; type=\\&quot;number\\&quot;\\n data-icon-lib=\\&quot;fa\\&quot;\\n data-active-icon=\\&quot;fa-star iqit-review-star\\&quot; data-inactive-icon=\\&quot;fa-star-o iqit-review-star\\&quot;\\\/&gt;\\n &lt;\\\/div&gt;\\n &lt;\\\/div&gt;\\n\\n &lt;div class=\\&quot;form-group row\\&quot;&gt;\\n &lt;label class=\\&quot;col-md-3 form-control-label\\&quot;&gt;Comment&lt;\\\/label&gt;\\n &lt;div class=\\&quot;col-md-6\\&quot;&gt;\\n &lt;textarea class=\\&quot;form-control\\&quot; rows=\\&quot;3\\&quot; name=\\&quot;iqitreviews_comment\\&quot;\\n id=\\&quot;iqitreviews_comment\\&quot;\\n placeholder=\\&quot;Write your opinion about product\\&quot;&gt;&lt;\\\/textarea&gt;\\n &lt;\\\/div&gt;\\n &lt;\\\/div&gt;\\n\\n &lt;\\\/div&gt;\\n\\n \\n &lt;\\\/div&gt;\\n &lt;div class=\\&quot;modal-footer\\&quot;&gt;\\n &lt;input class=\\&quot;btn btn-primary\\&quot; type=\\&quot;submit\\&quot; name=\\&quot;iqitreviews_submit\\&quot;\\n id=\\&quot;iqitreviews_submit\\&quot;\\n value=\\&quot; Submit review\\&quot;&gt;\\n &lt;\\\/div&gt;\\n &lt;\\\/form&gt;\\n &lt;\\\/div&gt;\\n &lt;\\\/div&gt;\\n &lt;\\\/div&gt;\\n&quot;,&quot;attr&quot;:{&quot;id&quot;:&quot;iqit-reviews-tab&quot;,&quot;class&quot;:&quot;&quot;,&quot;data-iqitextra&quot;:&quot;iqit-reviews-tab&quot;},&quot;moduleName&quot;:&quot;iqitreviews&quot;}],&quot;allow_oosp&quot;:0,&quot;category&quot;:&quot;productos&quot;,&quot;category_name&quot;:&quot;Productos&quot;,&quot;link&quot;:&quot;https:\\\/\\\/www.sextoymayorista.com.ar\\\/productos\\\/8590-set-de-4-anillos-potenciadores-retardantes.html&quot;,&quot;attribute_price&quot;:0,&quot;price_tax_exc&quot;:6578,&quot;price_without_reduction&quot;:6578,&quot;reduction&quot;:0,&quot;specific_prices&quot;:[],&quot;quantity&quot;:172,&quot;quantity_all_versions&quot;:172,&quot;id_image&quot;:&quot;es-default&quot;,&quot;features&quot;:[],&quot;attachments&quot;:[],&quot;virtual&quot;:0,&quot;pack&quot;:0,&quot;packItems&quot;:[],&quot;nopackprice&quot;:0,&quot;customization_required&quot;:false,&quot;rate&quot;:0,&quot;tax_name&quot;:&quot;&quot;,&quot;ecotax_rate&quot;:0,&quot;unit_price&quot;:&quot;&quot;,&quot;customizations&quot;:{&quot;fields&quot;:[]},&quot;id_customization&quot;:0,&quot;is_customizable&quot;:false,&quot;show_quantities&quot;:false,&quot;quantity_label&quot;:&quot;Art\\u00edculos&quot;,&quot;quantity_discounts&quot;:[],&quot;customer_group_discount&quot;:0,&quot;images&quot;:[{&quot;bySize&quot;:{&quot;small_default&quot;:{&quot;url&quot;:&quot;https:\\\/\\\/www.sextoymayorista.com.ar\\\/2012-small_default\\\/set-de-4-anillos-potenciadores-retardantes.jpg&quot;,&quot;width&quot;:98,&quot;height&quot;:127},&quot;cart_default&quot;:{&quot;url&quot;:&quot;https:\\\/\\\/www.sextoymayorista.com.ar\\\/2012-cart_default\\\/set-de-4-anillos-potenciadores-retardantes.jpg&quot;,&quot;width&quot;:125,&quot;height&quot;:162},&quot;home_default&quot;:{&quot;url&quot;:&quot;https:\\\/\\\/www.sextoymayorista.com.ar\\\/2012-home_default\\\/set-de-4-anillos-potenciadores-retardantes.jpg&quot;,&quot;width&quot;:236,&quot;height&quot;:305},&quot;large_default&quot;:{&quot;url&quot;:&quot;https:\\\/\\\/www.sextoymayorista.com.ar\\\/2012-large_default\\\/set-de-4-anillos-potenciadores-retardantes.jpg&quot;,&quot;width&quot;:381,&quot;height&quot;:492},&quot;medium_default&quot;:{&quot;url&quot;:&quot;https:\\\/\\\/www.sextoymayorista.com.ar\\\/2012-medium_default\\\/set-de-4-anillos-potenciadores-retardantes.jpg&quot;,&quot;width&quot;:452,&quot;height&quot;:584},&quot;thickbox_default&quot;:{&quot;url&quot;:&quot;https:\\\/\\\/www.sextoymayorista.com.ar\\\/2012-thickbox_default\\\/set-de-4-anillos-potenciadores-retardantes.jpg&quot;,&quot;width&quot;:1100,&quot;height&quot;:1422}},&quot;small&quot;:{&quot;url&quot;:&quot;https:\\\/\\\/www.sextoymayorista.com.ar\\\/2012-small_default\\\/set-de-4-anillos-potenciadores-retardantes.jpg&quot;,&quot;width&quot;:98,&quot;height&quot;:127},&quot;medium&quot;:{&quot;url&quot;:&quot;https:\\\/\\\/www.sextoymayorista.com.ar\\\/2012-large_default\\\/set-de-4-anillos-potenciadores-retardantes.jpg&quot;,&quot;width&quot;:381,&quot;height&quot;:492},&quot;large&quot;:{&quot;url&quot;:&quot;https:\\\/\\\/www.sextoymayorista.com.ar\\\/2012-thickbox_default\\\/set-de-4-anillos-potenciadores-retardantes.jpg&quot;,&quot;width&quot;:1100,&quot;height&quot;:1422},&quot;legend&quot;:&quot;SET DE 4 ANILLOS POTENCIADORES RETARDANTES&quot;,&quot;id_image&quot;:&quot;2012&quot;,&quot;cover&quot;:&quot;1&quot;,&quot;position&quot;:&quot;1&quot;,&quot;associatedVariants&quot;:[]},{&quot;bySize&quot;:{&quot;small_default&quot;:{&quot;url&quot;:&quot;https:\\\/\\\/www.sextoymayorista.com.ar\\\/2013-small_default\\\/set-de-4-anillos-potenciadores-retardantes.jpg&quot;,&quot;width&quot;:98,&quot;height&quot;:127},&quot;cart_default&quot;:{&quot;url&quot;:&quot;https:\\\/\\\/www.sextoymayorista.com.ar\\\/2013-cart_default\\\/set-de-4-anillos-potenciadores-retardantes.jpg&quot;,&quot;width&quot;:125,&quot;height&quot;:162},&quot;home_default&quot;:{&quot;url&quot;:&quot;https:\\\/\\\/www.sextoymayorista.com.ar\\\/2013-home_default\\\/set-de-4-anillos-potenciadores-retardantes.jpg&quot;,&quot;width&quot;:236,&quot;height&quot;:305},&quot;large_default&quot;:{&quot;url&quot;:&quot;https:\\\/\\\/www.sextoymayorista.com.ar\\\/2013-large_default\\\/set-de-4-anillos-potenciadores-retardantes.jpg&quot;,&quot;width&quot;:381,&quot;height&quot;:492},&quot;medium_default&quot;:{&quot;url&quot;:&quot;https:\\\/\\\/www.sextoymayorista.com.ar\\\/2013-medium_default\\\/set-de-4-anillos-potenciadores-retardantes.jpg&quot;,&quot;width&quot;:452,&quot;height&quot;:584},&quot;thickbox_default&quot;:{&quot;url&quot;:&quot;https:\\\/\\\/www.sextoymayorista.com.ar\\\/2013-thickbox_default\\\/set-de-4-anillos-potenciadores-retardantes.jpg&quot;,&quot;width&quot;:1100,&quot;height&quot;:1422}},&quot;small&quot;:{&quot;url&quot;:&quot;https:\\\/\\\/www.sextoymayorista.com.ar\\\/2013-small_default\\\/set-de-4-anillos-potenciadores-retardantes.jpg&quot;,&quot;width&quot;:98,&quot;height&quot;:127},&quot;medium&quot;:{&quot;url&quot;:&quot;https:\\\/\\\/www.sextoymayorista.com.ar\\\/2013-large_default\\\/set-de-4-anillos-potenciadores-retardantes.jpg&quot;,&quot;width&quot;:381,&quot;height&quot;:492},&quot;large&quot;:{&quot;url&quot;:&quot;https:\\\/\\\/www.sextoymayorista.com.ar\\\/2013-thickbox_default\\\/set-de-4-anillos-potenciadores-retardantes.jpg&quot;,&quot;width&quot;:1100,&quot;height&quot;:1422},&quot;legend&quot;:&quot;SET DE 4 ANILLOS POTENCIADORES RETARDANTES&quot;,&quot;id_image&quot;:&quot;2013&quot;,&quot;cover&quot;:null,&quot;position&quot;:&quot;2&quot;,&quot;associatedVariants&quot;:[]}],&quot;cover&quot;:{&quot;bySize&quot;:{&quot;small_default&quot;:{&quot;url&quot;:&quot;https:\\\/\\\/www.sextoymayorista.com.ar\\\/2012-small_default\\\/set-de-4-anillos-potenciadores-retardantes.jpg&quot;,&quot;width&quot;:98,&quot;height&quot;:127},&quot;cart_default&quot;:{&quot;url&quot;:&quot;https:\\\/\\\/www.sextoymayorista.com.ar\\\/2012-cart_default\\\/set-de-4-anillos-potenciadores-retardantes.jpg&quot;,&quot;width&quot;:125,&quot;height&quot;:162},&quot;home_default&quot;:{&quot;url&quot;:&quot;https:\\\/\\\/www.sextoymayorista.com.ar\\\/2012-home_default\\\/set-de-4-anillos-potenciadores-retardantes.jpg&quot;,&quot;width&quot;:236,&quot;height&quot;:305},&quot;large_default&quot;:{&quot;url&quot;:&quot;https:\\\/\\\/www.sextoymayorista.com.ar\\\/2012-large_default\\\/set-de-4-anillos-potenciadores-retardantes.jpg&quot;,&quot;width&quot;:381,&quot;height&quot;:492},&quot;medium_default&quot;:{&quot;url&quot;:&quot;https:\\\/\\\/www.sextoymayorista.com.ar\\\/2012-medium_default\\\/set-de-4-anillos-potenciadores-retardantes.jpg&quot;,&quot;width&quot;:452,&quot;height&quot;:584},&quot;thickbox_default&quot;:{&quot;url&quot;:&quot;https:\\\/\\\/www.sextoymayorista.com.ar\\\/2012-thickbox_default\\\/set-de-4-anillos-potenciadores-retardantes.jpg&quot;,&quot;width&quot;:1100,&quot;height&quot;:1422}},&quot;small&quot;:{&quot;url&quot;:&quot;https:\\\/\\\/www.sextoymayorista.com.ar\\\/2012-small_default\\\/set-de-4-anillos-potenciadores-retardantes.jpg&quot;,&quot;width&quot;:98,&quot;height&quot;:127},&quot;medium&quot;:{&quot;url&quot;:&quot;https:\\\/\\\/www.sextoymayorista.com.ar\\\/2012-large_default\\\/set-de-4-anillos-potenciadores-retardantes.jpg&quot;,&quot;width&quot;:381,&quot;height&quot;:492},&quot;large&quot;:{&quot;url&quot;:&quot;https:\\\/\\\/www.sextoymayorista.com.ar\\\/2012-thickbox_default\\\/set-de-4-anillos-potenciadores-retardantes.jpg&quot;,&quot;width&quot;:1100,&quot;height&quot;:1422},&quot;legend&quot;:&quot;SET DE 4 ANILLOS POTENCIADORES RETARDANTES&quot;,&quot;id_image&quot;:&quot;2012&quot;,&quot;cover&quot;:&quot;1&quot;,&quot;position&quot;:&quot;1&quot;,&quot;associatedVariants&quot;:[]},&quot;has_discount&quot;:false,&quot;discount_type&quot;:null,&quot;discount_percentage&quot;:null,&quot;discount_percentage_absolute&quot;:null,&quot;discount_amount&quot;:null,&quot;discount_amount_to_display&quot;:null,&quot;price_amount&quot;:6578,&quot;unit_price_full&quot;:&quot;&quot;,&quot;show_availability&quot;:true,&quot;availability_date&quot;:null,&quot;availability_message&quot;:&quot;Disponible para comprar&quot;,&quot;availability&quot;:&quot;available&quot;}\">\n<div class=\"product-out-of-stock\"><\/div>\n<\/div>\n<\/div>\n<div id=\"extra-0\" class=\"tab-pane in \" data-iqitextra=\"iqit-reviews-tab\">\n<div id=\"iqit-reviews\" class=\"mt-3\">\n<div id=\"iqit-reviews-top\">\n<div class=\"row justify-content-between align-items-center\">\n<div class=\"col mb-3\">\n<div id=\"iqitreviews-snippet\"><\/div>\n<\/div>\n<div class=\"col col-auto mb-3\"><\/div>\n<\/div>\n<\/div>\n<\/div>\n<\/div>\n<\/div>\n<\/div>\n<div id=\"product-infos-accordion-mobile\" class=\"iqit-accordion\" role=\"tablist\" aria-multiselectable=\"true\"><\/div>\n<\/div>\n<section class=\"crossselling-products block block-section\">\n<h4 class=\"section-title\"><\/h4>\n<\/section>\n","protected":false},"featured_media":7195,"template":"","meta":{"_et_pb_use_builder":"","_et_pb_old_content":"","_et_gb_content_width":"","_joinchat":[]},"product_brand":[],"product_cat":[26,33],"product_tag":[],"class_list":{"0":"post-7194","1":"product","2":"type-product","3":"status-publish","4":"has-post-thumbnail","6":"product_cat-anillos-peneanos","7":"product_cat-ellos","9":"first","10":"instock","11":"shipping-taxable","12":"purchasable","13":"product-type-simple"},"_links":{"self":[{"href":"https:\/\/www.sexshop.com.ar\/web\/wp-json\/wp\/v2\/product\/7194","targetHints":{"allow":["GET"]}}],"collection":[{"href":"https:\/\/www.sexshop.com.ar\/web\/wp-json\/wp\/v2\/product"}],"about":[{"href":"https:\/\/www.sexshop.com.ar\/web\/wp-json\/wp\/v2\/types\/product"}],"wp:featuredmedia":[{"embeddable":true,"href":"https:\/\/www.sexshop.com.ar\/web\/wp-json\/wp\/v2\/media\/7195"}],"wp:attachment":[{"href":"https:\/\/www.sexshop.com.ar\/web\/wp-json\/wp\/v2\/media?parent=7194"}],"wp:term":[{"taxonomy":"product_brand","embeddable":true,"href":"https:\/\/www.sexshop.com.ar\/web\/wp-json\/wp\/v2\/product_brand?post=7194"},{"taxonomy":"product_cat","embeddable":true,"href":"https:\/\/www.sexshop.com.ar\/web\/wp-json\/wp\/v2\/product_cat?post=7194"},{"taxonomy":"product_tag","embeddable":true,"href":"https:\/\/www.sexshop.com.ar\/web\/wp-json\/wp\/v2\/product_tag?post=7194"}],"curies":[{"name":"wp","href":"https:\/\/api.w.org\/{rel}","templated":true}]}}