{"id":7374,"date":"2025-02-10T12:40:33","date_gmt":"2025-02-10T15:40:33","guid":{"rendered":"https:\/\/www.sexshop.com.ar\/web\/?post_type=product&#038;p=7374"},"modified":"2026-01-12T19:28:50","modified_gmt":"2026-01-12T22:28:50","slug":"black-dragon-10ml","status":"publish","type":"product","link":"https:\/\/www.sexshop.com.ar\/web\/producto\/black-dragon-10ml\/","title":{"rendered":"Black Dragon 10ml"},"content":{"rendered":"<ul>\n<li>Potencia la erecci\u00f3n.<\/li>\n<li>Compuesta con una exclusiva f\u00f3rmula a base de extractos naturales.<\/li>\n<li>Efecto hielo-fuego intenso.<\/li>\n<li>Compatible con preservativos.<\/li>\n<li>Sin parabenos<\/li>\n<\/ul>\n<p><strong>Medida:<\/strong>\u00a010 ml<\/p>\n<p><em>Alcanz\u00e1 tu mejor orgasmo \u00a1Disfr\u00fatalo!<\/em><\/p>\n","protected":false},"excerpt":{"rendered":"<p><strong>CREMA INTENSIFICANTE BLACK DRAGON<\/strong><\/p>\n<p>Intensific\u00e1 las sensaciones y descubr\u00ed algo totalmente nuevo. Black Dragon es una crema potenciadora de la erecci\u00f3n que adem\u00e1s sensibiliza el \u00e1rea genital femenina para alcanzar m\u00faltiples orgasmos.\u00a0M\u00e1s resistencia, vitalidad y erecciones m\u00e1s intensas son los efectos que la crema otorga a la pareja. La crema ideal para garantizar una relaci\u00f3n sexual de alto voltaje y gran sensibilidad en el que la satisfacci\u00f3n queda m\u00e1s que garantizada gracias a sus vitalizantes efectos.<\/p>\n","protected":false},"featured_media":7372,"template":"","meta":{"_et_pb_use_builder":"","_et_pb_old_content":"","_et_gb_content_width":"","_joinchat":[]},"product_brand":[],"product_cat":[33,36,35],"product_tag":[],"class_list":{"0":"post-7374","1":"product","2":"type-product","3":"status-publish","4":"has-post-thumbnail","6":"product_cat-ellos","7":"product_cat-energizantes","8":"product_cat-geles-y-lubricantes","10":"first","11":"instock","12":"shipping-taxable","13":"purchasable","14":"product-type-simple"},"_links":{"self":[{"href":"https:\/\/www.sexshop.com.ar\/web\/wp-json\/wp\/v2\/product\/7374","targetHints":{"allow":["GET"]}}],"collection":[{"href":"https:\/\/www.sexshop.com.ar\/web\/wp-json\/wp\/v2\/product"}],"about":[{"href":"https:\/\/www.sexshop.com.ar\/web\/wp-json\/wp\/v2\/types\/product"}],"wp:featuredmedia":[{"embeddable":true,"href":"https:\/\/www.sexshop.com.ar\/web\/wp-json\/wp\/v2\/media\/7372"}],"wp:attachment":[{"href":"https:\/\/www.sexshop.com.ar\/web\/wp-json\/wp\/v2\/media?parent=7374"}],"wp:term":[{"taxonomy":"product_brand","embeddable":true,"href":"https:\/\/www.sexshop.com.ar\/web\/wp-json\/wp\/v2\/product_brand?post=7374"},{"taxonomy":"product_cat","embeddable":true,"href":"https:\/\/www.sexshop.com.ar\/web\/wp-json\/wp\/v2\/product_cat?post=7374"},{"taxonomy":"product_tag","embeddable":true,"href":"https:\/\/www.sexshop.com.ar\/web\/wp-json\/wp\/v2\/product_tag?post=7374"}],"curies":[{"name":"wp","href":"https:\/\/api.w.org\/{rel}","templated":true}]}}