{"id":7431,"date":"2025-03-24T12:03:03","date_gmt":"2025-03-24T15:03:03","guid":{"rendered":"https:\/\/www.sexshop.com.ar\/web\/?post_type=product&#038;p=7431"},"modified":"2025-03-24T12:03:03","modified_gmt":"2025-03-24T15:03:03","slug":"aceite-para-masajes-efecto-calor-sandalo-rojo-130-ml","status":"publish","type":"product","link":"https:\/\/www.sexshop.com.ar\/web\/producto\/aceite-para-masajes-efecto-calor-sandalo-rojo-130-ml\/","title":{"rendered":"Aceite Para Masajes Efecto Calor &#8211; Sandalo Rojo &#8211; 130 Ml"},"content":{"rendered":"<div><b>CONTIENE: 130ML<\/b><\/div>\n<div><b>ACEITE S\u00c1NDALO ROJO<\/b><\/div>\n<div><\/div>\n<div>Desde hace miles de a\u00f1os, el s\u00e1ndalo es un reconocido y potente afrodis\u00edaco. Muchos qu\u00edmicos afirman que su aroma es similar a una hormona masculina lo cual explica su efecto er\u00f3tico.<\/div>\n","protected":false},"excerpt":{"rendered":"<div>SENSUAL MASSAGE!<\/div>\n<div><\/div>\n<div>\n<div>El perfume sensual del s\u00e1ndalo ha tejido leyendas m\u00e1gicas por sus efectos relajantes que nos llevan a la meditaci\u00f3n y a constituir un potente afrodis\u00edaco.<\/div>\n<div><\/div>\n<div>\n<div>\n<div><b>Tips para un masaje sensual:<\/b><\/div>\n<div><\/div>\n<div>Dedicate un d\u00eda o un fin de semana exclusivo para la pareja.<\/div>\n<div><\/div>\n<div>Dense tiempo para los dos, para relajarse y compartir espacios en los que pueda despertarse el deseo sexual.<\/div>\n<div><\/div>\n<div>Ideal, podes calentar el aceite primero y esto aumentar\u00e1 la sensaci\u00f3n de placer.<\/div>\n<div><\/div>\n<div>A pesar de que sea un masaje corporal, no olvides el poder que tienen los besos. Aunque sea largo o corto, debe transmitir emociones, sensaciones, sentimientos.<\/div>\n<div><\/div>\n<div>La ciencia dice que a los hombres les gustan los besos largos y con la boca abierta, porque inconscientemente, es la forma como nos pasan sus hormonas para despertar el deseo sexual.<\/div>\n<div><\/div>\n<div>Constru\u00ed un mapa de placer e identific\u00e1 en qu\u00e9 zonas tu pareja acumula m\u00e1s tensi\u00f3n o cu\u00e1les son m\u00e1s sensibles.<\/div>\n<div><\/div>\n<div>Conc\u00e9ntrate en sentir su piel y en que sienta tu tacto y tus caricias.<\/div>\n<div><\/div>\n<div>Tambi\u00e9n puedes ponerte aceite vos y hacer un masaje cuerpo a cuerpo.<\/div>\n<div><\/div>\n<div>Mi receta favorita:<\/div>\n<div><\/div>\n<div>Antes de un ba\u00f1o sensual y relajante, colocar unas gotas de aceite de s\u00e1ndalo al agua, es maravilloso para la piel\u2026 Para ser toda una Cleopatra, quien amaba este aceite.<\/div>\n<\/div>\n<\/div>\n<\/div>\n","protected":false},"featured_media":7432,"template":"","meta":{"_et_pb_use_builder":"","_et_pb_old_content":"","_et_gb_content_width":"","_joinchat":[]},"product_brand":[],"product_cat":[35],"product_tag":[],"class_list":{"0":"post-7431","1":"product","2":"type-product","3":"status-publish","4":"has-post-thumbnail","6":"product_cat-geles-y-lubricantes","8":"first","9":"instock","10":"shipping-taxable","11":"purchasable","12":"product-type-simple"},"_links":{"self":[{"href":"https:\/\/www.sexshop.com.ar\/web\/wp-json\/wp\/v2\/product\/7431","targetHints":{"allow":["GET"]}}],"collection":[{"href":"https:\/\/www.sexshop.com.ar\/web\/wp-json\/wp\/v2\/product"}],"about":[{"href":"https:\/\/www.sexshop.com.ar\/web\/wp-json\/wp\/v2\/types\/product"}],"wp:featuredmedia":[{"embeddable":true,"href":"https:\/\/www.sexshop.com.ar\/web\/wp-json\/wp\/v2\/media\/7432"}],"wp:attachment":[{"href":"https:\/\/www.sexshop.com.ar\/web\/wp-json\/wp\/v2\/media?parent=7431"}],"wp:term":[{"taxonomy":"product_brand","embeddable":true,"href":"https:\/\/www.sexshop.com.ar\/web\/wp-json\/wp\/v2\/product_brand?post=7431"},{"taxonomy":"product_cat","embeddable":true,"href":"https:\/\/www.sexshop.com.ar\/web\/wp-json\/wp\/v2\/product_cat?post=7431"},{"taxonomy":"product_tag","embeddable":true,"href":"https:\/\/www.sexshop.com.ar\/web\/wp-json\/wp\/v2\/product_tag?post=7431"}],"curies":[{"name":"wp","href":"https:\/\/api.w.org\/{rel}","templated":true}]}}