{"id":7812,"date":"2025-12-22T17:52:09","date_gmt":"2025-12-22T20:52:09","guid":{"rendered":"https:\/\/www.sexshop.com.ar\/web\/?post_type=product&#038;p=7812"},"modified":"2026-02-16T12:02:49","modified_gmt":"2026-02-16T15:02:49","slug":"masajeador-vibrador-de-clitoris-2x1-recargable-usb","status":"publish","type":"product","link":"https:\/\/www.sexshop.com.ar\/web\/producto\/masajeador-vibrador-de-clitoris-2x1-recargable-usb\/","title":{"rendered":"Succionador y Estimulador de Cl\u00edtoris Vibrador 2&#215;1 Recargable USB"},"content":{"rendered":"<p>Material: Silicagel + ABS<br \/>\nTama\u00f1o: cuerpo principal 15.5* 10CM, mango 7.2* 5.2CM<br \/>\nColor: rosa.<br \/>\nAlimentaci\u00f3n: Carga USB\/bater\u00eda<\/p>\n","protected":false},"excerpt":{"rendered":"<p>MASAJEADOR VIBRADOR USB CON CONTROL REMOTO ST-104 ROSA<\/p>\n<p>El masajeador de cl\u00edtoris Born To Feeling 2 X 1 es el producto perfecto para brindar placer y satisfacci\u00f3n en cualquier lugar. Con sus caracter\u00edsticas innovadoras, este estimulador de cl\u00edtoris te volver\u00e1 loca y te proporcionar\u00e1 orgasmos indescriptibles.<br \/>\nCon 3 modos de succi\u00f3n y 3 modos de vibraci\u00f3n, el masajeador de cl\u00edtoris 2 X 1 Born To Feeling es capaz de ofrecer sensaciones \u00fanicas y placenteras. Imagina todas las posibilidades que te puede ofrecer este incre\u00edble d\u00fao. Experimenta nuevas sensaciones y entra en un mundo de placer.<br \/>\nAdem\u00e1s de estimulante, este masajeador es discreto y tiene un dise\u00f1o elegante y moderno. Su forma compacta te permite llevarlo a cualquier parte, garantizando momentos de placer en cualquier momento del d\u00eda.<br \/>\nCon una bater\u00eda recargable por USB, el masajeador de cl\u00edtoris Born To Feeling 2 X 1 es pr\u00e1ctico y econ\u00f3mico. No tiene que preocuparse por reemplazar las bater\u00edas, simplemente conecte el cable USB y en poco tiempo estar\u00e1 listo para su uso.<br \/>\nHecho de material de alta calidad, este masajeador es resistente al agua, por lo que es f\u00e1cil de limpiar. Simplemente l\u00e1valo con agua y jab\u00f3n suave despu\u00e9s de usarlo para mantenerlo siempre limpio y listo para el pr\u00f3ximo uso.<br \/>\nAdem\u00e1s, el masajeador de cl\u00edtoris Born To Feeling 2 X 1 ofrece 3 frecuencias de estimulaci\u00f3n, lo que te permite elegir la intensidad que m\u00e1s te convenga. Su tacto suave y suave proporciona una experiencia agradable y placentera.<br \/>\nLa marca Born To Feeling es reconocida por su calidad e innovaci\u00f3n. Con productos de alta tecnolog\u00eda y un dise\u00f1o elegante, la marca se destaca en el mercado de productos er\u00f3ticos, brindando placer y satisfacci\u00f3n a sus clientes.<br \/>\nEl masajeador de cl\u00edtoris 2 x 1 de Born To Feeling puede proporcionarte. Experimenta sensaciones \u00fanicas y orgasmos incre\u00edbles con este estimulador de cl\u00edtoris de alta calidad. Con un dise\u00f1o elegante y caracter\u00edsticas innovadoras, este producto es perfecto para satisfacer todas tus necesidades.<\/p>\n","protected":false},"featured_media":7814,"template":"","meta":{"_et_pb_use_builder":"","_et_pb_old_content":"","_et_gb_content_width":"","_joinchat":[]},"product_brand":[],"product_cat":[37,18],"product_tag":[],"class_list":{"0":"post-7812","1":"product","2":"type-product","3":"status-publish","4":"has-post-thumbnail","6":"product_cat-estimuladores-clitoriales","7":"product_cat-vibradores","9":"first","10":"instock","11":"shipping-taxable","12":"purchasable","13":"product-type-simple"},"_links":{"self":[{"href":"https:\/\/www.sexshop.com.ar\/web\/wp-json\/wp\/v2\/product\/7812","targetHints":{"allow":["GET"]}}],"collection":[{"href":"https:\/\/www.sexshop.com.ar\/web\/wp-json\/wp\/v2\/product"}],"about":[{"href":"https:\/\/www.sexshop.com.ar\/web\/wp-json\/wp\/v2\/types\/product"}],"wp:featuredmedia":[{"embeddable":true,"href":"https:\/\/www.sexshop.com.ar\/web\/wp-json\/wp\/v2\/media\/7814"}],"wp:attachment":[{"href":"https:\/\/www.sexshop.com.ar\/web\/wp-json\/wp\/v2\/media?parent=7812"}],"wp:term":[{"taxonomy":"product_brand","embeddable":true,"href":"https:\/\/www.sexshop.com.ar\/web\/wp-json\/wp\/v2\/product_brand?post=7812"},{"taxonomy":"product_cat","embeddable":true,"href":"https:\/\/www.sexshop.com.ar\/web\/wp-json\/wp\/v2\/product_cat?post=7812"},{"taxonomy":"product_tag","embeddable":true,"href":"https:\/\/www.sexshop.com.ar\/web\/wp-json\/wp\/v2\/product_tag?post=7812"}],"curies":[{"name":"wp","href":"https:\/\/api.w.org\/{rel}","templated":true}]}}