{"id":7820,"date":"2025-12-22T18:08:11","date_gmt":"2025-12-22T21:08:11","guid":{"rendered":"https:\/\/www.sexshop.com.ar\/web\/?post_type=product&#038;p=7820"},"modified":"2025-12-22T18:08:11","modified_gmt":"2025-12-22T21:08:11","slug":"bomba-robinete","status":"publish","type":"product","link":"https:\/\/www.sexshop.com.ar\/web\/producto\/bomba-robinete\/","title":{"rendered":"BOMBA ROBINETE"},"content":{"rendered":"<ul>\n<li>Para su seguridad nuestros productos son libres de Ftalato.<\/li>\n<li>Medida: 19 cm x 5,5 \u00d8.<\/li>\n<li>Fuelle de Repuesto: Chico.<\/li>\n<li>Phthalate Free \/ Libre Ftalato.<\/li>\n<\/ul>\n","protected":false},"excerpt":{"rendered":"<p>SKU: BMR<\/p>\n<p>Bomba de erecci\u00f3n manual que te permite agrandar tu pene previo a la penetraci\u00f3n, logrando prolongar la erecci\u00f3n sin efectos secundarios. Disfruta de los beneficios de un pene grande, r\u00edgido y grueso, de forma inmediata, sin que tu pareja tenga que esperar para entregarse a la pasi\u00f3n.<\/p>\n<p>Modo de uso: Introduce tu pene en el cilindro, presiona el robinete para crear el vac\u00edo y sentir como tu pene se agranda en longitud y en grosor a medida que vas bombeando. La transparencia del cilindro te permite ver el agrandamiento del pene. Cu\u00e1ndo hayas alcanzado tu tama\u00f1o deseado puedes presionar el bot\u00f3n de liberaci\u00f3n, lo que aliviar\u00e1 al instante la presi\u00f3n, facilitando as\u00ed la extracci\u00f3n.<\/p>\n","protected":false},"featured_media":7821,"template":"","meta":{"_et_pb_use_builder":"","_et_pb_old_content":"","_et_gb_content_width":"","_joinchat":[]},"product_brand":[],"product_cat":[31],"product_tag":[],"class_list":{"0":"post-7820","1":"product","2":"type-product","3":"status-publish","4":"has-post-thumbnail","6":"product_cat-desarrolladores","8":"first","9":"instock","10":"shipping-taxable","11":"purchasable","12":"product-type-simple"},"_links":{"self":[{"href":"https:\/\/www.sexshop.com.ar\/web\/wp-json\/wp\/v2\/product\/7820","targetHints":{"allow":["GET"]}}],"collection":[{"href":"https:\/\/www.sexshop.com.ar\/web\/wp-json\/wp\/v2\/product"}],"about":[{"href":"https:\/\/www.sexshop.com.ar\/web\/wp-json\/wp\/v2\/types\/product"}],"wp:featuredmedia":[{"embeddable":true,"href":"https:\/\/www.sexshop.com.ar\/web\/wp-json\/wp\/v2\/media\/7821"}],"wp:attachment":[{"href":"https:\/\/www.sexshop.com.ar\/web\/wp-json\/wp\/v2\/media?parent=7820"}],"wp:term":[{"taxonomy":"product_brand","embeddable":true,"href":"https:\/\/www.sexshop.com.ar\/web\/wp-json\/wp\/v2\/product_brand?post=7820"},{"taxonomy":"product_cat","embeddable":true,"href":"https:\/\/www.sexshop.com.ar\/web\/wp-json\/wp\/v2\/product_cat?post=7820"},{"taxonomy":"product_tag","embeddable":true,"href":"https:\/\/www.sexshop.com.ar\/web\/wp-json\/wp\/v2\/product_tag?post=7820"}],"curies":[{"name":"wp","href":"https:\/\/api.w.org\/{rel}","templated":true}]}}