{"id":7999,"date":"2026-03-31T19:55:27","date_gmt":"2026-03-31T22:55:27","guid":{"rendered":"https:\/\/www.sexshop.com.ar\/web\/?post_type=product&#038;p=7999"},"modified":"2026-03-31T19:55:27","modified_gmt":"2026-03-31T22:55:27","slug":"doble-estimulacion-y-vibrador-con-app-pretty-love-liam","status":"publish","type":"product","link":"https:\/\/www.sexshop.com.ar\/web\/producto\/doble-estimulacion-y-vibrador-con-app-pretty-love-liam\/","title":{"rendered":"Doble Estimulacion  y vibrador Con APP Pretty Love Liam"},"content":{"rendered":"<p>Este conejo cuenta con dos motores para que puedas controlar d\u00f3nde prefieres mayor placer y disfrutar de diferentes movimientos simult\u00e1neamente. Dise\u00f1ado para despertar tus fantas\u00edas y satisfacer tu mente, cuerpo y alma, este precioso conejo rosa es perfecto para el juego en solitario. \u00bfPor qu\u00e9 no incorporarlo a tu vida amorosa e introducir a tu pareja en el placer de los juguetes sexuales? No querr\u00e1s volver atr\u00e1s. Con 12 vibraciones tanto en el estimulador de cl\u00edtoris como en el eje, te esperan horas de orgasmos explosivos. Aumenta la intensidad gradualmente y ve subiendo hasta los niveles m\u00e1s fuertes para una noche de \u00e9xtasis placentero. Para a\u00fan m\u00e1s diversi\u00f3n, \u00a1hay m\u00e1s formas de jugar gracias a la aplicaci\u00f3n gratuita Prettylove! La aplicaci\u00f3n desbloquea funciones emocionantes del juguete a trav\u00e9s de tu tel\u00e9fono.<\/p>\n<p>12 funciones de vibraci\u00f3n. Aplicaci\u00f3n m\u00f3vil. Control remoto.<\/p>\n<ul class=\"list-unstyled\">\n<li>Marca:\u00a0<a href=\"https:\/\/hotdragonmayorista.com.ar\/es-es\/pretty-love?route=product\/manufacturer.info\">Pretty Love<\/a><\/li>\n<\/ul>\n<p>Material: Silicona.<\/p>\n<p>Alimentaci\u00f3n: Recargable por USB<\/p>\n","protected":false},"excerpt":{"rendered":"<p>Este masajeador de dise\u00f1o elegante satisfar\u00e1 tus deseos m\u00e1s profundos y har\u00e1 realidad todas tus fantas\u00edas con conejos<\/p>\n","protected":false},"featured_media":8000,"template":"","meta":{"_et_pb_use_builder":"","_et_pb_old_content":"","_et_gb_content_width":"","_joinchat":[]},"product_brand":[],"product_cat":[32,37,42,18],"product_tag":[],"class_list":{"0":"post-7999","1":"product","2":"type-product","3":"status-publish","4":"has-post-thumbnail","6":"product_cat-ellas","7":"product_cat-estimuladores-clitoriales","8":"product_cat-novedades","9":"product_cat-vibradores","11":"first","12":"instock","13":"shipping-taxable","14":"purchasable","15":"product-type-simple"},"_links":{"self":[{"href":"https:\/\/www.sexshop.com.ar\/web\/wp-json\/wp\/v2\/product\/7999","targetHints":{"allow":["GET"]}}],"collection":[{"href":"https:\/\/www.sexshop.com.ar\/web\/wp-json\/wp\/v2\/product"}],"about":[{"href":"https:\/\/www.sexshop.com.ar\/web\/wp-json\/wp\/v2\/types\/product"}],"wp:featuredmedia":[{"embeddable":true,"href":"https:\/\/www.sexshop.com.ar\/web\/wp-json\/wp\/v2\/media\/8000"}],"wp:attachment":[{"href":"https:\/\/www.sexshop.com.ar\/web\/wp-json\/wp\/v2\/media?parent=7999"}],"wp:term":[{"taxonomy":"product_brand","embeddable":true,"href":"https:\/\/www.sexshop.com.ar\/web\/wp-json\/wp\/v2\/product_brand?post=7999"},{"taxonomy":"product_cat","embeddable":true,"href":"https:\/\/www.sexshop.com.ar\/web\/wp-json\/wp\/v2\/product_cat?post=7999"},{"taxonomy":"product_tag","embeddable":true,"href":"https:\/\/www.sexshop.com.ar\/web\/wp-json\/wp\/v2\/product_tag?post=7999"}],"curies":[{"name":"wp","href":"https:\/\/api.w.org\/{rel}","templated":true}]}}