{"id":8027,"date":"2026-04-04T12:10:32","date_gmt":"2026-04-04T15:10:32","guid":{"rendered":"https:\/\/www.sexshop.com.ar\/web\/?post_type=product&#038;p=8027"},"modified":"2026-04-04T12:10:32","modified_gmt":"2026-04-04T15:10:32","slug":"succionador-vibrador-rosa-flor-clitoris-usb-recargable","status":"publish","type":"product","link":"https:\/\/www.sexshop.com.ar\/web\/producto\/succionador-vibrador-rosa-flor-clitoris-usb-recargable\/","title":{"rendered":"Succionador Vibrador Rosa Flor Clitoris Usb Recargable"},"content":{"rendered":"<p>Para mejorar la comodidad de uso de este producto, recomendamos utilizar lubricante. Tambi\u00e9n sugerimos no utilizar lubricantes a base de silicona, ya que podr\u00edan da\u00f1ar permanentemente el producto. Un lubricante a base de agua es siempre la opci\u00f3n m\u00e1s segura.<\/p>\n<p>Succionador de cl\u00edtoris, con 10 modos de succi\u00f3n. Podes utilizarlo para estimular el cl\u00edtoris, vagina, pechos y otras partes sensibles del cuerpo.<\/p>\n<p>&#8211; De uso manual.<br \/>\n&#8211; Carga: USB (cable incluido).<br \/>\n&#8211; Resistente al agua (no sumergible)<br \/>\n&#8211; 10 niveles de intensidad de succi\u00f3n.<\/p>\n","protected":false},"excerpt":{"rendered":"<h3>Podes utilizarlo para estimular el cl\u00edtoris, vagina, pechos y otras partes sensibles del cuerpo.<\/h3>\n","protected":false},"featured_media":8028,"template":"","meta":{"_et_pb_use_builder":"","_et_pb_old_content":"","_et_gb_content_width":"","_joinchat":[]},"product_brand":[],"product_cat":[32,37,18],"product_tag":[],"class_list":{"0":"post-8027","1":"product","2":"type-product","3":"status-publish","4":"has-post-thumbnail","6":"product_cat-ellas","7":"product_cat-estimuladores-clitoriales","8":"product_cat-vibradores","10":"first","11":"instock","12":"shipping-taxable","13":"purchasable","14":"product-type-simple"},"_links":{"self":[{"href":"https:\/\/www.sexshop.com.ar\/web\/wp-json\/wp\/v2\/product\/8027","targetHints":{"allow":["GET"]}}],"collection":[{"href":"https:\/\/www.sexshop.com.ar\/web\/wp-json\/wp\/v2\/product"}],"about":[{"href":"https:\/\/www.sexshop.com.ar\/web\/wp-json\/wp\/v2\/types\/product"}],"wp:featuredmedia":[{"embeddable":true,"href":"https:\/\/www.sexshop.com.ar\/web\/wp-json\/wp\/v2\/media\/8028"}],"wp:attachment":[{"href":"https:\/\/www.sexshop.com.ar\/web\/wp-json\/wp\/v2\/media?parent=8027"}],"wp:term":[{"taxonomy":"product_brand","embeddable":true,"href":"https:\/\/www.sexshop.com.ar\/web\/wp-json\/wp\/v2\/product_brand?post=8027"},{"taxonomy":"product_cat","embeddable":true,"href":"https:\/\/www.sexshop.com.ar\/web\/wp-json\/wp\/v2\/product_cat?post=8027"},{"taxonomy":"product_tag","embeddable":true,"href":"https:\/\/www.sexshop.com.ar\/web\/wp-json\/wp\/v2\/product_tag?post=8027"}],"curies":[{"name":"wp","href":"https:\/\/api.w.org\/{rel}","templated":true}]}}